CRAN Package Check Results for Package turkeyelections

Last updated on 2025-10-22 09:50:57 CEST.

Flavor Version Tinstall Tcheck Ttotal Status Flags
r-devel-linux-x86_64-debian-clang 0.1.2 6.79 62.99 69.78 NOTE
r-devel-linux-x86_64-debian-gcc 0.1.2 4.71 44.77 49.48 NOTE
r-devel-linux-x86_64-fedora-clang 0.1.2 39.00 70.42 109.42 NOTE
r-devel-linux-x86_64-fedora-gcc 0.1.2 14.00 85.49 99.49 NOTE
r-devel-windows-x86_64 0.1.2 10.00 77.00 87.00 NOTE
r-patched-linux-x86_64 0.1.2 7.17 57.89 65.06 NOTE
r-release-linux-x86_64 0.1.2 6.46 57.62 64.08 NOTE
r-release-macos-arm64 0.1.2 3.00 25.00 28.00 NOTE
r-release-macos-x86_64 0.1.2 5.00 42.00 47.00 NOTE
r-release-windows-x86_64 0.1.2 8.00 78.00 86.00 NOTE
r-oldrel-macos-arm64 0.1.2 3.00 25.00 28.00 OK
r-oldrel-macos-x86_64 0.1.2 4.00 35.00 39.00 OK
r-oldrel-windows-x86_64 0.1.2 10.00 95.00 105.00 OK

Check Details

Version: 0.1.2
Check: DESCRIPTION meta-information
Result: NOTE Missing dependency on R >= 4.1.0 because package code uses the pipe |> or function shorthand \(...) syntax added in R 4.1.0. File(s) using such syntax: ‘show_parliament.R’ ‘show_province_and_party.R’ Flavors: r-devel-linux-x86_64-debian-clang, r-devel-linux-x86_64-debian-gcc, r-devel-linux-x86_64-fedora-clang, r-devel-linux-x86_64-fedora-gcc, r-devel-windows-x86_64, r-patched-linux-x86_64, r-release-linux-x86_64, r-release-macos-arm64, r-release-macos-x86_64, r-release-windows-x86_64