Last updated on 2025-10-22 09:50:57 CEST.
Flavor | Version | Tinstall | Tcheck | Ttotal | Status | Flags |
---|---|---|---|---|---|---|
r-devel-linux-x86_64-debian-clang | 0.5.9 | 13.41 | 353.22 | 366.63 | NOTE | |
r-devel-linux-x86_64-debian-gcc | 0.5.9 | 8.50 | 237.11 | 245.61 | NOTE | |
r-devel-linux-x86_64-fedora-clang | 0.5.9 | 73.00 | 550.58 | 623.58 | OK | |
r-devel-linux-x86_64-fedora-gcc | 0.5.9 | 26.00 | 513.53 | 539.53 | OK | |
r-devel-windows-x86_64 | 0.5.9 | 16.00 | 324.00 | 340.00 | OK | |
r-patched-linux-x86_64 | 0.5.9 | 14.29 | 312.36 | 326.65 | OK | |
r-release-linux-x86_64 | 0.5.9 | 12.85 | 345.36 | 358.21 | OK | |
r-release-macos-arm64 | 0.5.9 | 6.00 | 164.00 | 170.00 | OK | |
r-release-macos-x86_64 | 0.5.9 | 11.00 | 291.00 | 302.00 | OK | |
r-release-windows-x86_64 | 0.5.9 | 15.00 | 347.00 | 362.00 | OK | |
r-oldrel-macos-arm64 | 0.5.9 | 6.00 | 148.00 | 154.00 | OK | |
r-oldrel-macos-x86_64 | 0.5.9 | 9.00 | 240.00 | 249.00 | OK | |
r-oldrel-windows-x86_64 | 0.5.9 | 20.00 | 416.00 | 436.00 | OK |
Version: 0.5.9
Check: HTML version of manual
Result: NOTE
Found the following HTML validation problems:
tvPhi.html:55:1 (tvPhi.Rd:14): Warning: missing </ul> before </div>
Flavors: r-devel-linux-x86_64-debian-clang, r-devel-linux-x86_64-debian-gcc