Last updated on 2025-10-22 09:50:57 CEST.
Flavor | Version | Tinstall | Tcheck | Ttotal | Status | Flags |
---|---|---|---|---|---|---|
r-devel-linux-x86_64-debian-clang | 1.0.0 | 7.54 | 74.95 | 82.49 | OK | |
r-devel-linux-x86_64-debian-gcc | 1.0.0 | 5.26 | 56.30 | 61.56 | OK | |
r-devel-linux-x86_64-fedora-clang | 1.0.0 | 37.00 | 94.23 | 131.23 | NOTE | |
r-devel-linux-x86_64-fedora-gcc | 1.0.0 | 15.00 | 119.11 | 134.11 | NOTE | |
r-devel-windows-x86_64 | 1.0.0 | 10.00 | 82.00 | 92.00 | OK | |
r-patched-linux-x86_64 | 1.0.0 | 7.18 | 71.90 | 79.08 | OK | |
r-release-linux-x86_64 | 1.0.0 | 7.33 | 72.28 | 79.61 | OK | |
r-release-macos-arm64 | 1.0.0 | 4.00 | 52.00 | 56.00 | OK | |
r-release-macos-x86_64 | 1.0.0 | 7.00 | 79.00 | 86.00 | OK | |
r-release-windows-x86_64 | 1.0.0 | 10.00 | 86.00 | 96.00 | OK | |
r-oldrel-macos-arm64 | 1.0.0 | 4.00 | 39.00 | 43.00 | OK | |
r-oldrel-macos-x86_64 | 1.0.0 | 5.00 | 60.00 | 65.00 | OK | |
r-oldrel-windows-x86_64 | 1.0.0 | 11.00 | 99.00 | 110.00 | OK |
Version: 1.0.0
Check: dependencies in R code
Result: NOTE
Namespace in Imports field not imported from: ‘Rcpp’
All declared Imports should be used.
Flavors: r-devel-linux-x86_64-fedora-clang, r-devel-linux-x86_64-fedora-gcc