CRAN Package Check Results for Package uncertainty

Last updated on 2025-07-04 09:50:08 CEST.

Flavor Version Tinstall Tcheck Ttotal Status Flags
r-devel-linux-x86_64-debian-clang 0.2.0 3.11 28.43 31.54 NOTE
r-devel-linux-x86_64-debian-gcc 0.2.0 2.25 22.06 24.31 NOTE
r-devel-linux-x86_64-fedora-clang 0.2.0 48.53 OK
r-devel-linux-x86_64-fedora-gcc 0.2.0 46.71 OK
r-devel-windows-x86_64 0.2.0 6.00 50.00 56.00 OK
r-patched-linux-x86_64 0.2.0 2.83 27.12 29.95 OK
r-release-linux-x86_64 0.2.0 2.23 27.12 29.35 OK
r-release-macos-arm64 0.2.0 19.00 OK
r-release-macos-x86_64 0.2.0 33.00 OK
r-release-windows-x86_64 0.2.0 4.00 52.00 56.00 OK
r-oldrel-macos-arm64 0.2.0 19.00 OK
r-oldrel-macos-x86_64 0.2.0 27.00 OK
r-oldrel-windows-x86_64 0.2.0 5.00 55.00 60.00 OK

Check Details

Version: 0.2.0
Check: CRAN incoming feasibility
Result: NOTE Maintainer: ‘Hugo Gasca-Aragon <hugo_gasca_aragon@hotmail.com>’ No Authors@R field in DESCRIPTION. Please add one, modifying Authors@R: person(given = "Hugo", family = "Gasca-Aragon", role = c("aut", "cre"), email = "hugo_gasca_aragon@hotmail.com") as necessary. Flavors: r-devel-linux-x86_64-debian-clang, r-devel-linux-x86_64-debian-gcc