CRAN Package Check Results for Package uniah

Last updated on 2025-10-22 09:50:57 CEST.

Flavor Version Tinstall Tcheck Ttotal Status Flags
r-devel-linux-x86_64-debian-clang 1.2 6.85 53.64 60.49 NOTE
r-devel-linux-x86_64-debian-gcc 1.2 5.48 40.50 45.98 NOTE
r-devel-linux-x86_64-fedora-clang 1.2 17.00 79.09 96.09 OK
r-devel-linux-x86_64-fedora-gcc 1.2 16.00 71.11 87.11 OK
r-devel-windows-x86_64 1.2 8.00 62.00 70.00 OK
r-patched-linux-x86_64 1.2 6.80 51.44 58.24 OK
r-release-linux-x86_64 1.2 6.54 52.27 58.81 OK
r-release-macos-arm64 1.2 4.00 29.00 33.00 OK
r-release-macos-x86_64 1.2 6.00 53.00 59.00 OK
r-release-windows-x86_64 1.2 9.00 63.00 72.00 OK
r-oldrel-macos-arm64 1.2 3.00 25.00 28.00 OK
r-oldrel-macos-x86_64 1.2 5.00 40.00 45.00 OK
r-oldrel-windows-x86_64 1.2 10.00 77.00 87.00 OK

Check Details

Version: 1.2
Check: CRAN incoming feasibility
Result: NOTE Maintainer: ‘Yunro Chung <yunro.chung@asu.edu>’ No Authors@R field in DESCRIPTION. Please add one, modifying Authors@R: person(given = "Yunro", family = "Chung", role = c("aut", "cre"), email = "yunro.chung@asu.edu") as necessary. Flavors: r-devel-linux-x86_64-debian-clang, r-devel-linux-x86_64-debian-gcc