Last updated on 2025-10-21 09:48:52 CEST.
Flavor | Version | Tinstall | Tcheck | Ttotal | Status | Flags |
---|---|---|---|---|---|---|
r-devel-linux-x86_64-debian-clang | 1.3.5 | 4.46 | 52.63 | 57.09 | OK | |
r-devel-linux-x86_64-debian-gcc | 1.3.5 | 2.95 | 39.42 | 42.37 | NOTE | |
r-devel-linux-x86_64-fedora-clang | 1.3.5 | 90.54 | OK | |||
r-devel-linux-x86_64-fedora-gcc | 1.3.5 | 95.58 | OK | |||
r-devel-windows-x86_64 | 1.3.5 | 6.00 | 74.00 | 80.00 | OK | |
r-patched-linux-x86_64 | 1.3.5 | 4.92 | 49.41 | 54.33 | OK | |
r-release-linux-x86_64 | 1.3.5 | 4.47 | 49.75 | 54.22 | OK | |
r-release-macos-arm64 | 1.3.5 | 36.00 | OK | |||
r-release-macos-x86_64 | 1.3.5 | 70.00 | OK | |||
r-release-windows-x86_64 | 1.3.5 | 6.00 | 75.00 | 81.00 | OK | |
r-oldrel-macos-arm64 | 1.3.5 | 40.00 | OK | |||
r-oldrel-macos-x86_64 | 1.3.5 | 59.00 | OK | |||
r-oldrel-windows-x86_64 | 1.3.5 | 8.00 | 88.00 | 96.00 | OK |
Version: 1.3.5
Check: HTML version of manual
Result: NOTE
Found the following HTML validation problems:
alt.desc.html:47:1 (alt.desc.Rd:11): Warning: missing </ul> before </div>
bootinvFIM.SaemixObject.html:55:1 (bootinvFIM.SaemixObject.Rd:14): Warning: missing </ul> before </div>
bootinvFIM.lme.html:55:1 (bootinvFIM.lme.Rd:14): Warning: missing </ul> before </div>
bootinvFIM.merMod.html:55:1 (bootinvFIM.merMod.Rd:14): Warning: missing </ul> before </div>
extractFIM.lme.html:50:1 (extractFIM.lme.Rd:12): Warning: missing </ul> before </div>
extractStruct.SaemixObject.html:55:1 (extractStruct.SaemixObject.Rd:14): Warning: missing </ul> before </div>
extractStruct.lme.html:55:1 (extractStruct.lme.Rd:14): Warning: missing </ul> before </div>
extractStruct.merMod.html:55:1 (extractStruct.merMod.Rd:14): Warning: missing </ul> before </div>
extractVarCov.html:46:1 (extractVarCov.Rd:10): Warning: missing </ul> before </div>
extractVarCov.lme.html:47:1 (extractVarCov.lme.Rd:10): Warning: missing </ul> before </div>
extractVarCov.merMod.html:47:1 (extractVarCov.merMod.Rd:10): Warning: missing </ul> before </div>
fim.vctest.html:46:1 (fim.vctest.Rd:10): Warning: missing </ul> before </div>
print.desc.message.html:48:1 (print.desc.message.Rd:11): Warning: missing </ul> before </div>
print.res.message.html:47:1 (print.res.message.Rd:10): Warning: missing </ul> before </div>
print.vctest.html:51:1 (print.vctest.Rd:12): Warning: missing </ul> before </div>
summary.vctest.html:51:1 (summary.vctest.Rd:12): Warning: missing </ul> before </div>
Flavor: r-devel-linux-x86_64-debian-gcc