Last updated on 2025-10-21 09:48:52 CEST.
Flavor | Version | Tinstall | Tcheck | Ttotal | Status | Flags |
---|---|---|---|---|---|---|
r-devel-linux-x86_64-debian-clang | 1.0.6 | 64.09 | 187.11 | 251.20 | OK | |
r-devel-linux-x86_64-debian-gcc | 1.0.6 | 44.29 | 137.38 | 181.67 | NOTE | |
r-devel-linux-x86_64-fedora-clang | 1.0.6 | 424.80 | OK | |||
r-devel-linux-x86_64-fedora-gcc | 1.0.6 | 389.15 | OK | |||
r-devel-windows-x86_64 | 1.0.6 | 71.00 | 193.00 | 264.00 | OK | |
r-patched-linux-x86_64 | 1.0.6 | 65.42 | 180.01 | 245.43 | OK | |
r-release-linux-x86_64 | 1.0.6 | 66.47 | 181.41 | 247.88 | OK | |
r-release-macos-arm64 | 1.0.6 | 173.00 | OK | |||
r-release-macos-x86_64 | 1.0.6 | 270.00 | OK | |||
r-release-windows-x86_64 | 1.0.6 | 69.00 | 190.00 | 259.00 | OK | |
r-oldrel-macos-arm64 | 1.0.6 | 108.00 | NOTE | |||
r-oldrel-macos-x86_64 | 1.0.6 | 204.00 | NOTE | |||
r-oldrel-windows-x86_64 | 1.0.6 | 84.00 | 251.00 | 335.00 | OK |
Version: 1.0.6
Check: HTML version of manual
Result: NOTE
Found the following HTML validation problems:
LinRegChol.html:63:1 (LinRegChol.Rd:18): Warning: missing </ul> before </div>
Predict.matrix.randwalk.smooth.html:53:1 (Predict.matrix.randwalk.smooth.Rd:14): Warning: missing </ul> before </div>
custom_glmer_samples.html:54:1 (custom_glmer_samples.Rd:14): Warning: missing </ul> before </div>
fallback_interpret.gam0.html:55:1 (fallback_interpret.gam0.Rd:14): Warning: missing </ul> before </div>
fallback_subbars.html:48:1 (fallback_subbars.Rd:11): Warning: missing </ul> before </div>
formOmega.html:56:1 (formOmega.Rd:15): Warning: missing </ul> before </div>
simple_EM.html:76:1 (simple_EM.Rd:28): Warning: missing </ul> before </div>
var_mat.html:48:1 (var_mat.Rd:14): Warning: missing </ul> before </div>
Flavor: r-devel-linux-x86_64-debian-gcc
Version: 1.0.6
Check: installed package size
Result: NOTE
installed size is 7.2Mb
sub-directories of 1Mb or more:
libs 6.7Mb
Flavors: r-oldrel-macos-arm64, r-oldrel-macos-x86_64