Last updated on 2025-10-21 09:48:52 CEST.
Flavor | Version | Tinstall | Tcheck | Ttotal | Status | Flags |
---|---|---|---|---|---|---|
r-devel-linux-x86_64-debian-clang | 0.7.3 | 11.44 | 85.65 | 97.09 | OK | |
r-devel-linux-x86_64-debian-gcc | 0.7.3 | 6.63 | 59.50 | 66.13 | NOTE | |
r-devel-linux-x86_64-fedora-clang | 0.7.3 | 151.21 | OK | |||
r-devel-linux-x86_64-fedora-gcc | 0.7.3 | 131.27 | OK | |||
r-devel-windows-x86_64 | 0.7.3 | 13.00 | 88.00 | 101.00 | OK | |
r-patched-linux-x86_64 | 0.7.3 | 8.67 | 76.87 | 85.54 | OK | |
r-release-linux-x86_64 | 0.7.3 | 9.80 | 76.31 | 86.11 | OK | |
r-release-macos-arm64 | 0.7.3 | 38.00 | OK | |||
r-release-macos-x86_64 | 0.7.3 | 63.00 | OK | |||
r-release-windows-x86_64 | 0.7.3 | 13.00 | 90.00 | 103.00 | OK | |
r-oldrel-macos-arm64 | 0.7.3 | 38.00 | OK | |||
r-oldrel-macos-x86_64 | 0.7.3 | 51.00 | OK | |||
r-oldrel-windows-x86_64 | 0.7.3 | 16.00 | 112.00 | 128.00 | OK |
Version: 0.7.3
Check: HTML version of manual
Result: NOTE
Found the following HTML validation problems:
mod_modelfit.html:72:1 (mod_modelfit.Rd:25): Warning: missing </ul> before </div>
mod_settings_pan.html:67:1 (mod_settings_pan.Rd:23): Warning: missing </ul> before </div>
rbindall.html:46:1 (rbindall.Rd:10): Warning: missing </ul> before </div>
Flavor: r-devel-linux-x86_64-debian-gcc