Last updated on 2025-10-22 09:50:57 CEST.
Flavor | Version | Tinstall | Tcheck | Ttotal | Status | Flags |
---|---|---|---|---|---|---|
r-devel-linux-x86_64-debian-clang | 0.1.7 | 4.17 | 55.84 | 60.01 | OK | |
r-devel-linux-x86_64-debian-gcc | 0.1.7 | 3.07 | 45.81 | 48.88 | OK | |
r-devel-linux-x86_64-fedora-clang | 0.1.7 | 22.00 | 68.48 | 90.48 | OK | |
r-devel-linux-x86_64-fedora-gcc | 0.1.7 | 96.68 | OK | |||
r-devel-windows-x86_64 | 0.1.7 | 6.00 | 60.00 | 66.00 | OK | |
r-patched-linux-x86_64 | 0.1.7 | 4.24 | 54.15 | 58.39 | OK | |
r-release-linux-x86_64 | 0.1.7 | 3.87 | 53.54 | 57.41 | OK | |
r-release-macos-arm64 | 0.1.7 | 2.00 | 56.00 | 58.00 | OK | |
r-release-macos-x86_64 | 0.1.7 | 6.00 | 93.00 | 99.00 | OK | |
r-release-windows-x86_64 | 0.1.7 | 6.00 | 61.00 | 67.00 | OK | |
r-oldrel-macos-arm64 | 0.1.7 | 2.00 | 35.00 | 37.00 | NOTE | |
r-oldrel-macos-x86_64 | 0.1.7 | 6.00 | 103.00 | 109.00 | NOTE | |
r-oldrel-windows-x86_64 | 0.1.7 | 8.00 | 71.00 | 79.00 | NOTE |
Version: 0.1.7
Check: installed package size
Result: NOTE
installed size is 5.1Mb
sub-directories of 1Mb or more:
doc 1.7Mb
help 3.0Mb
Flavors: r-oldrel-macos-arm64, r-oldrel-macos-x86_64, r-oldrel-windows-x86_64