Last updated on 2025-10-22 09:50:57 CEST.
Flavor | Version | Tinstall | Tcheck | Ttotal | Status | Flags |
---|---|---|---|---|---|---|
r-devel-linux-x86_64-debian-clang | 1.3.11 | 27.11 | 236.27 | 263.38 | NOTE | |
r-devel-linux-x86_64-debian-gcc | 1.3.11 | 20.38 | 172.22 | 192.60 | NOTE | |
r-devel-linux-x86_64-fedora-clang | 1.3.11 | 129.00 | 313.42 | 442.42 | OK | |
r-devel-linux-x86_64-fedora-gcc | 1.3.11 | 56.00 | 355.23 | 411.23 | OK | |
r-devel-windows-x86_64 | 1.3.11 | 25.00 | 207.00 | 232.00 | OK | |
r-patched-linux-x86_64 | 1.3.11 | 28.16 | 239.76 | 267.92 | OK | |
r-release-linux-x86_64 | 1.3.11 | 28.77 | 241.66 | 270.43 | OK | |
r-release-macos-arm64 | 1.3.11 | 24.00 | 187.00 | 211.00 | OK | |
r-release-macos-x86_64 | 1.3.11 | 29.00 | 222.00 | 251.00 | OK | |
r-release-windows-x86_64 | 1.3.11 | 29.00 | 201.00 | 230.00 | OK | |
r-oldrel-macos-arm64 | 1.3.11 | 22.00 | 178.00 | 200.00 | OK | |
r-oldrel-macos-x86_64 | 1.3.11 | 22.00 | 178.00 | 200.00 | OK | |
r-oldrel-windows-x86_64 | 1.3.11 | 34.00 | 256.00 | 290.00 | OK |
Version: 1.3.11
Check: HTML version of manual
Result: NOTE
Found the following HTML validation problems:
normalizeDuration.html:50:1 (normalizeDuration.Rd:12): Warning: missing </ul> before </div>
normalizeFormants.html:58:1 (normalizeFormants.Rd:16): Warning: missing </ul> before </div>
Flavors: r-devel-linux-x86_64-debian-clang, r-devel-linux-x86_64-debian-gcc