Last updated on 2025-10-21 09:48:52 CEST.
Flavor | Version | Tinstall | Tcheck | Ttotal | Status | Flags |
---|---|---|---|---|---|---|
r-devel-linux-x86_64-debian-clang | 0.6.0 | 4.83 | 49.77 | 54.60 | OK | |
r-devel-linux-x86_64-debian-gcc | 0.6.0 | 3.30 | 37.95 | 41.25 | NOTE | |
r-devel-linux-x86_64-fedora-clang | 0.6.0 | 90.35 | OK | |||
r-devel-linux-x86_64-fedora-gcc | 0.6.0 | 92.38 | OK | |||
r-devel-windows-x86_64 | 0.6.0 | 9.00 | 67.00 | 76.00 | OK | |
r-patched-linux-x86_64 | 0.6.0 | 4.20 | 46.22 | 50.42 | OK | |
r-release-linux-x86_64 | 0.6.0 | 4.88 | 45.60 | 50.48 | OK | |
r-release-macos-arm64 | 0.6.0 | 35.00 | OK | |||
r-release-macos-x86_64 | 0.6.0 | 61.00 | OK | |||
r-release-windows-x86_64 | 0.6.0 | 10.00 | 69.00 | 79.00 | OK | |
r-oldrel-macos-arm64 | 0.6.0 | 37.00 | OK | |||
r-oldrel-macos-x86_64 | 0.6.0 | 78.00 | OK | |||
r-oldrel-windows-x86_64 | 0.6.0 | 11.00 | 81.00 | 92.00 | OK |
Version: 0.6.0
Check: HTML version of manual
Result: NOTE
Found the following HTML validation problems:
cv_document.html:64:1 (cv_document.Rd:21): Warning: missing </ul> before </div>
insert_preview.html:46:1 (insert_preview.Rd:10): Warning: missing </ul> before </div>
Flavor: r-devel-linux-x86_64-debian-gcc