CRAN Package Check Results for Package vudc

Last updated on 2025-10-27 08:50:11 CET.

Flavor Version Tinstall Tcheck Ttotal Status Flags
r-devel-linux-x86_64-debian-clang 1.1 1.76 24.05 25.81 NOTE
r-devel-linux-x86_64-debian-gcc 1.1 1.37 19.51 20.88 NOTE
r-devel-linux-x86_64-fedora-clang 1.1 37.46 OK
r-devel-linux-x86_64-fedora-gcc 1.1 36.00 OK
r-devel-windows-x86_64 1.1 3.00 45.00 48.00 OK
r-patched-linux-x86_64 1.1 1.94 22.79 24.73 OK
r-release-linux-x86_64 1.1 1.68 22.71 24.39 OK
r-release-macos-arm64 1.1 1.00 16.00 17.00 OK
r-release-macos-x86_64 1.1 2.00 28.00 30.00 OK
r-release-windows-x86_64 1.1 3.00 50.00 53.00 OK
r-oldrel-macos-arm64 1.1 1.00 16.00 17.00 OK
r-oldrel-macos-x86_64 1.1 2.00 26.00 28.00 OK
r-oldrel-windows-x86_64 1.1 3.00 46.00 49.00 OK

Check Details

Version: 1.1
Check: CRAN incoming feasibility
Result: NOTE Maintainer: ‘Csaba Farago <farago@inf.u-szeged.hu>’ No Authors@R field in DESCRIPTION. Please add one, modifying Authors@R: person(given = "Csaba", family = "Farago", role = c("aut", "cre"), email = "farago@inf.u-szeged.hu") as necessary. Flavors: r-devel-linux-x86_64-debian-clang, r-devel-linux-x86_64-debian-gcc