Last updated on 2025-10-21 09:48:52 CEST.
Flavor | Version | Tinstall | Tcheck | Ttotal | Status | Flags |
---|---|---|---|---|---|---|
r-devel-linux-x86_64-debian-clang | 0.0.1 | 2.77 | 36.77 | 39.54 | OK | |
r-devel-linux-x86_64-debian-gcc | 0.0.1 | 1.94 | 29.16 | 31.10 | NOTE | |
r-devel-linux-x86_64-fedora-clang | 0.0.1 | 59.10 | NOTE | |||
r-devel-linux-x86_64-fedora-gcc | 0.0.1 | 53.23 | NOTE | |||
r-devel-windows-x86_64 | 0.0.1 | 4.00 | 52.00 | 56.00 | OK | |
r-patched-linux-x86_64 | 0.0.1 | 2.99 | 32.88 | 35.87 | OK | |
r-release-linux-x86_64 | 0.0.1 | 2.71 | 33.19 | 35.90 | OK | |
r-release-macos-arm64 | 0.0.1 | 21.00 | OK | |||
r-release-macos-x86_64 | 0.0.1 | 34.00 | OK | |||
r-release-windows-x86_64 | 0.0.1 | 5.00 | 52.00 | 57.00 | OK | |
r-oldrel-macos-arm64 | 0.0.1 | 21.00 | NOTE | |||
r-oldrel-macos-x86_64 | 0.0.1 | 31.00 | NOTE | |||
r-oldrel-windows-x86_64 | 0.0.1 | 5.00 | 61.00 | 66.00 | NOTE |
Version: 0.0.1
Check: HTML version of manual
Result: NOTE
Found the following HTML validation problems:
Wactr.html:112:1 (Wactr.Rd:56): Warning: missing </ul> before </div>
Wactr.html:89:1 (Wactr.Rd:45): Warning: <h5> anchor "Usage" already defined
Wactr.html:95:1 (Wactr.Rd:49): Warning: <h5> anchor "Arguments" already defined
Flavor: r-devel-linux-x86_64-debian-gcc
Version: 0.0.1
Check: dependencies in R code
Result: NOTE
Namespaces in Imports field not imported from:
‘Matrix’ ‘R6’
All declared Imports should be used.
Flavors: r-devel-linux-x86_64-fedora-clang, r-devel-linux-x86_64-fedora-gcc
Version: 0.0.1
Check: LazyData
Result: NOTE
'LazyData' is specified without a 'data' directory
Flavors: r-oldrel-macos-arm64, r-oldrel-macos-x86_64, r-oldrel-windows-x86_64