Last updated on 2025-10-21 09:48:52 CEST.
Flavor | Version | Tinstall | Tcheck | Ttotal | Status | Flags |
---|---|---|---|---|---|---|
r-devel-linux-x86_64-debian-clang | 2.2.0 | 6.13 | 276.90 | 283.03 | OK | |
r-devel-linux-x86_64-debian-gcc | 2.2.0 | 4.14 | 197.92 | 202.06 | NOTE | |
r-devel-linux-x86_64-fedora-clang | 2.2.0 | 475.72 | OK | |||
r-devel-linux-x86_64-fedora-gcc | 2.2.0 | 421.39 | OK | |||
r-devel-windows-x86_64 | 2.2.0 | 13.00 | 283.00 | 296.00 | OK | |
r-patched-linux-x86_64 | 2.2.0 | 7.34 | 259.03 | 266.37 | OK | |
r-release-linux-x86_64 | 2.2.0 | 6.25 | 267.04 | 273.29 | OK | |
r-release-macos-arm64 | 2.2.0 | 6.00 | ERROR | |||
r-release-macos-x86_64 | 2.2.0 | 247.00 | OK | |||
r-release-windows-x86_64 | 2.2.0 | 12.00 | 287.00 | 299.00 | OK | |
r-oldrel-macos-arm64 | 2.2.0 | 10.00 | ERROR | |||
r-oldrel-macos-x86_64 | 2.2.0 | 296.00 | OK | |||
r-oldrel-windows-x86_64 | 2.2.0 | 15.00 | 362.00 | 377.00 | OK |
Version: 2.2.0
Check: HTML version of manual
Result: NOTE
Found the following HTML validation problems:
clearAll.html:46:1 (clearAll.Rd:10): Warning: missing </ul> before </div>
ecospat.plot.nicheDEV.html:68:1 (ecospat.plot.nicheDEV.Rd:24): Warning: missing </ul> before </div>
fmtSpN.html:46:1 (fmtSpN.Rd:10): Warning: missing </ul> before </div>
getRasterVals.html:50:1 (getRasterVals.Rd:12): Warning: missing </ul> before </div>
hlSpp.html:46:1 (hlSpp.Rd:10): Warning: missing </ul> before </div>
mxNonzeroCoefs.html:51:1 (mxNonzeroCoefs.Rd:12): Warning: missing </ul> before </div>
polyZoom.html:62:1 (polyZoom.Rd:18): Warning: missing </ul> before </div>
popUpContent.html:46:1 (popUpContent.Rd:10): Warning: missing </ul> before </div>
predictMaxnet.html:58:1 (predictMaxnet.Rd:16): Warning: missing </ul> before </div>
printVecAsis.html:50:1 (printVecAsis.Rd:12): Warning: missing </ul> before </div>
remEnvsValsNA.html:58:1 (remEnvsValsNA.Rd:16): Warning: missing </ul> before </div>
reverseLabel.html:50:1 (reverseLabel.Rd:12): Warning: missing </ul> before </div>
smartProgress.html:57:1 (smartProgress.Rd:15): Warning: missing </ul> before </div>
spName.html:47:1 (spName.Rd:10): Warning: missing </ul> before </div>
spurious.html:46:1 (spurious.Rd:10): Warning: missing </ul> before </div>
writeLog.html:54:1 (writeLog.Rd:14): Warning: missing </ul> before </div>
write_csv_robust.html:50:1 (write_csv_robust.Rd:12): Warning: missing </ul> before </div>
zoom2Occs.html:50:1 (zoom2Occs.Rd:12): Warning: missing </ul> before </div>
Flavor: r-devel-linux-x86_64-debian-gcc
Version: 2.2.0
Check: package dependencies
Result: ERROR
Package required and available but unsuitable version: ‘ENMeval’
See section ‘The DESCRIPTION file’ in the ‘Writing R Extensions’
manual.
Flavors: r-release-macos-arm64, r-oldrel-macos-arm64