Last updated on 2025-10-22 09:50:58 CEST.
Flavor | Version | Tinstall | Tcheck | Ttotal | Status | Flags |
---|---|---|---|---|---|---|
r-devel-linux-x86_64-debian-clang | 1.1.3 | 6.74 | 54.07 | 60.81 | NOTE | |
r-devel-linux-x86_64-debian-gcc | 1.1.3 | 3.83 | 39.01 | 42.84 | NOTE | |
r-devel-linux-x86_64-fedora-clang | 1.1.3 | 31.00 | 66.36 | 97.36 | OK | |
r-devel-linux-x86_64-fedora-gcc | 1.1.3 | 12.00 | 76.60 | 88.60 | OK | |
r-devel-windows-x86_64 | 1.1.3 | 7.00 | 66.00 | 73.00 | OK | |
r-patched-linux-x86_64 | 1.1.3 | 6.62 | 51.68 | 58.30 | OK | |
r-release-linux-x86_64 | 1.1.3 | 5.93 | 51.59 | 57.52 | OK | |
r-release-macos-arm64 | 1.1.3 | 3.00 | 27.00 | 30.00 | OK | |
r-release-macos-x86_64 | 1.1.3 | 5.00 | 75.00 | 80.00 | OK | |
r-release-windows-x86_64 | 1.1.3 | 7.00 | 68.00 | 75.00 | OK | |
r-oldrel-macos-arm64 | 1.1.3 | 3.00 | 84.00 | 87.00 | OK | |
r-oldrel-macos-x86_64 | 1.1.3 | 4.00 | 37.00 | 41.00 | OK | |
r-oldrel-windows-x86_64 | 1.1.3 | 9.00 | 81.00 | 90.00 | OK |
Version: 1.1.3
Check: CRAN incoming feasibility
Result: NOTE
Maintainer: ‘Vicente J. Bolos <vicente.bolos@uv.es>’
No Authors@R field in DESCRIPTION.
Please add one, modifying
Authors@R: c(person(given = c("Vicente", "J."),
family = "Bolos",
role = c("aut", "cre"),
email = "vicente.bolos@uv.es"),
person(given = "Rafael",
family = "Benitez",
role = "aut"))
as necessary.
Flavors: r-devel-linux-x86_64-debian-clang, r-devel-linux-x86_64-debian-gcc
Version: 1.1.3
Check: HTML version of manual
Result: NOTE
Found the following HTML validation problems:
core.html:52:1 (core.Rd:12): Warning: missing </ul> before </div>
Flavors: r-devel-linux-x86_64-debian-clang, r-devel-linux-x86_64-debian-gcc