Last updated on 2025-10-21 09:48:52 CEST.
Flavor | Version | Tinstall | Tcheck | Ttotal | Status | Flags |
---|---|---|---|---|---|---|
r-devel-linux-x86_64-debian-clang | 0.0.2 | 27.92 | 66.33 | 94.25 | OK | |
r-devel-linux-x86_64-debian-gcc | 0.0.2 | 18.81 | 48.74 | 67.55 | NOTE | |
r-devel-linux-x86_64-fedora-clang | 0.0.2 | 174.36 | OK | |||
r-devel-linux-x86_64-fedora-gcc | 0.0.2 | 160.90 | OK | |||
r-devel-windows-x86_64 | 0.0.2 | 34.00 | 103.00 | 137.00 | OK | |
r-patched-linux-x86_64 | 0.0.2 | 29.17 | 63.17 | 92.34 | OK | |
r-release-linux-x86_64 | 0.0.2 | 24.47 | 63.59 | 88.06 | OK | |
r-release-macos-arm64 | 0.0.2 | 45.00 | OK | |||
r-release-macos-x86_64 | 0.0.2 | 84.00 | OK | |||
r-release-windows-x86_64 | 0.0.2 | 38.00 | 105.00 | 143.00 | OK | |
r-oldrel-macos-arm64 | 0.0.2 | 49.00 | OK | |||
r-oldrel-macos-x86_64 | 0.0.2 | 68.00 | OK | |||
r-oldrel-windows-x86_64 | 0.0.2 | 41.00 | 131.00 | 172.00 | OK |
Version: 0.0.2
Check: HTML version of manual
Result: NOTE
Found the following HTML validation problems:
estimate_m_rd.html:76:1 (estimate_m_rd.Rd:27): Warning: missing </ul> before </div>
tidy_m_ests.html:58:1 (tidy_m_ests.Rd:16): Warning: missing </ul> before </div>
Flavor: r-devel-linux-x86_64-debian-gcc