CRAN Package Check Results for Package wordnet

Last updated on 2025-10-22 09:50:58 CEST.

Flavor Version Tinstall Tcheck Ttotal Status Flags
r-devel-linux-x86_64-debian-clang 0.1-17 3.28 40.94 44.22 OK
r-devel-linux-x86_64-debian-gcc 0.1-17 2.96 31.74 34.70 OK
r-devel-linux-x86_64-fedora-clang 0.1-17 15.00 58.28 73.28 OK
r-devel-linux-x86_64-fedora-gcc 0.1-17 81.80 OK
r-devel-windows-x86_64 0.1-17 5.00 62.00 67.00 OK
r-patched-linux-x86_64 0.1-17 3.65 39.25 42.90 OK
r-release-linux-x86_64 0.1-17 3.30 39.43 42.73 OK
r-release-macos-arm64 0.1-17 4.00 30.00 34.00 OK
r-release-macos-x86_64 0.1-17 5.00 53.00 58.00 OK
r-release-windows-x86_64 0.1-17 5.00 70.00 75.00 OK
r-oldrel-macos-arm64 0.1-17 4.00 46.00 50.00 NOTE
r-oldrel-macos-x86_64 0.1-17 7.00 93.00 100.00 NOTE
r-oldrel-windows-x86_64 0.1-17 5.00 65.00 70.00 NOTE

Check Details

Version: 0.1-17
Check: package dependencies
Result: NOTE Package suggested but not available for checking: ‘wordnetDicts’ Flavors: r-oldrel-macos-arm64, r-oldrel-macos-x86_64, r-oldrel-windows-x86_64