CRAN Package Check Results for Package xplain

Last updated on 2025-10-22 09:50:58 CEST.

Flavor Version Tinstall Tcheck Ttotal Status Flags
r-devel-linux-x86_64-debian-clang 0.2.2 2.65 23.57 26.22 OK
r-devel-linux-x86_64-debian-gcc 0.2.2 1.94 19.05 20.99 OK
r-devel-linux-x86_64-fedora-clang 0.2.2 40.51 NOTE
r-devel-linux-x86_64-fedora-gcc 0.2.2 36.18 NOTE
r-devel-windows-x86_64 0.2.2 4.00 41.00 45.00 OK
r-patched-linux-x86_64 0.2.2 2.35 22.03 24.38 OK
r-release-linux-x86_64 0.2.2 2.47 22.03 24.50 OK
r-release-macos-arm64 0.2.2 1.00 16.00 17.00 OK
r-release-macos-x86_64 0.2.2 3.00 27.00 30.00 OK
r-release-windows-x86_64 0.2.2 6.00 43.00 49.00 OK
r-oldrel-macos-arm64 0.2.2 1.00 16.00 17.00 NOTE
r-oldrel-macos-x86_64 0.2.2 2.00 21.00 23.00 NOTE
r-oldrel-windows-x86_64 0.2.2 4.00 47.00 51.00 NOTE

Check Details

Version: 0.2.2
Check: dependencies in R code
Result: NOTE Namespace in Imports field not imported from: ‘RCurl’ All declared Imports should be used. Flavors: r-devel-linux-x86_64-fedora-clang, r-devel-linux-x86_64-fedora-gcc

Version: 0.2.2
Check: LazyData
Result: NOTE 'LazyData' is specified without a 'data' directory Flavors: r-oldrel-macos-arm64, r-oldrel-macos-x86_64, r-oldrel-windows-x86_64