CRAN Package Check Results for Package AATtools

Last updated on 2025-10-22 09:50:26 CEST.

Flavor Version Tinstall Tcheck Ttotal Status Flags
r-devel-linux-x86_64-debian-clang 0.0.3 7.72 57.24 64.96 NOTE
r-devel-linux-x86_64-debian-gcc 0.0.3 4.34 38.53 42.87 NOTE
r-devel-linux-x86_64-fedora-clang 0.0.3 15.00 83.01 98.01 OK
r-devel-linux-x86_64-fedora-gcc 0.0.3 19.00 74.18 93.18 OK
r-devel-windows-x86_64 0.0.3 9.00 86.00 95.00 OK
r-patched-linux-x86_64 0.0.3 5.46 53.43 58.89 OK
r-release-linux-x86_64 0.0.3 6.01 53.96 59.97 OK
r-release-macos-arm64 0.0.3 3.00 27.00 30.00 OK
r-release-macos-x86_64 0.0.3 7.00 57.00 64.00 OK
r-release-windows-x86_64 0.0.3 9.00 71.00 80.00 OK
r-oldrel-macos-arm64 0.0.3 3.00 30.00 33.00 OK
r-oldrel-macos-x86_64 0.0.3 9.00 72.00 81.00 OK
r-oldrel-windows-x86_64 0.0.3 11.00 87.00 98.00 OK

Check Details

Version: 0.0.3
Check: HTML version of manual
Result: NOTE Found the following HTML validation problems: Preprocessing.html:246:1 (Preprocessing.Rd:91): Warning: missing </ul> before </div> Flavors: r-devel-linux-x86_64-debian-clang, r-devel-linux-x86_64-debian-gcc