Last updated on 2025-10-22 09:50:26 CEST.
Flavor | Version | Tinstall | Tcheck | Ttotal | Status | Flags |
---|---|---|---|---|---|---|
r-devel-linux-x86_64-debian-clang | 0.6.9.2 | 9.96 | 135.00 | 144.96 | NOTE | |
r-devel-linux-x86_64-debian-gcc | 0.6.9.2 | 7.45 | 91.32 | 98.77 | NOTE | |
r-devel-linux-x86_64-fedora-clang | 0.6.9.2 | 64.00 | 177.68 | 241.68 | OK | |
r-devel-linux-x86_64-fedora-gcc | 0.6.9.2 | 24.00 | 212.82 | 236.82 | OK | |
r-devel-windows-x86_64 | 0.6.9.2 | 14.00 | 139.00 | 153.00 | OK | |
r-patched-linux-x86_64 | 0.6.9.2 | 8.11 | 129.79 | 137.90 | OK | |
r-release-linux-x86_64 | 0.6.9.2 | 8.97 | 128.14 | 137.11 | OK | |
r-release-macos-arm64 | 0.6.9.2 | 4.00 | 51.00 | 55.00 | OK | |
r-release-macos-x86_64 | 0.6.9.2 | 9.00 | 112.00 | 121.00 | OK | |
r-release-windows-x86_64 | 0.6.9.2 | 14.00 | 140.00 | 154.00 | OK | |
r-oldrel-macos-arm64 | 0.6.9.2 | 5.00 | 133.00 | 138.00 | OK | |
r-oldrel-macos-x86_64 | 0.6.9.2 | 16.00 | 122.00 | 138.00 | OK | |
r-oldrel-windows-x86_64 | 0.6.9.2 | 17.00 | 190.00 | 207.00 | OK |
Version: 0.6.9.2
Check: HTML version of manual
Result: NOTE
Found the following HTML validation problems:
AIPW_nuis.html:181:1 (AIPW_nuis.Rd:68): Warning: missing </ul> before </div>
Flavors: r-devel-linux-x86_64-debian-clang, r-devel-linux-x86_64-debian-gcc