Last updated on 2025-10-22 09:50:26 CEST.
Flavor | Version | Tinstall | Tcheck | Ttotal | Status | Flags |
---|---|---|---|---|---|---|
r-devel-linux-x86_64-debian-clang | 0.1 | 4.29 | 36.65 | 40.94 | NOTE | |
r-devel-linux-x86_64-debian-gcc | 0.1 | 3.33 | 28.30 | 31.63 | NOTE | |
r-devel-linux-x86_64-fedora-clang | 0.1 | 61.17 | NOTE | |||
r-devel-linux-x86_64-fedora-gcc | 0.1 | 12.00 | 46.87 | 58.87 | NOTE | |
r-devel-windows-x86_64 | 0.1 | 6.00 | 56.00 | 62.00 | OK | |
r-patched-linux-x86_64 | 0.1 | 4.32 | 34.66 | 38.98 | NOTE | |
r-release-linux-x86_64 | 0.1 | 3.86 | 35.00 | 38.86 | NOTE | |
r-release-macos-arm64 | 0.1 | 3.00 | 31.00 | 34.00 | OK | |
r-release-macos-x86_64 | 0.1 | 5.00 | 42.00 | 47.00 | OK | |
r-release-windows-x86_64 | 0.1 | 6.00 | 60.00 | 66.00 | OK | |
r-oldrel-macos-arm64 | 0.1 | 2.00 | 22.00 | 24.00 | NOTE | |
r-oldrel-macos-x86_64 | 0.1 | 4.00 | 30.00 | 34.00 | NOTE | |
r-oldrel-windows-x86_64 | 0.1 | 7.00 | 68.00 | 75.00 | NOTE |
Version: 0.1
Check: CRAN incoming feasibility
Result: NOTE
Maintainer: ‘Eleanor Caves <eleanor.caves@gmail.com>’
No Authors@R field in DESCRIPTION.
Please add one, modifying
Authors@R: c(person(given = "Eleanor",
family = "Caves",
role = c("aut", "cre"),
email = "eleanor.caves@gmail.com"),
person(given = "Sönke",
family = "Johnsen",
role = "aut"))
as necessary.
Flavors: r-devel-linux-x86_64-debian-clang, r-devel-linux-x86_64-debian-gcc
Version: 0.1
Check: HTML version of manual
Result: NOTE
Found the following HTML validation problems:
fft_matrix_shift.html:50:1 (fft_matrix_shift.Rd:12): Warning: missing </ul> before </div>
Flavors: r-devel-linux-x86_64-debian-clang, r-devel-linux-x86_64-debian-gcc
Version: 0.1
Check: for non-standard things in the check directory
Result: NOTE
Found the following files/directories:
‘Example.jpeg’
Flavors: r-devel-linux-x86_64-debian-clang, r-devel-linux-x86_64-debian-gcc, r-devel-linux-x86_64-fedora-clang, r-devel-linux-x86_64-fedora-gcc, r-patched-linux-x86_64, r-release-linux-x86_64
Version: 0.1
Check: LazyData
Result: NOTE
'LazyData' is specified without a 'data' directory
Flavors: r-oldrel-macos-arm64, r-oldrel-macos-x86_64, r-oldrel-windows-x86_64