Last updated on 2025-10-22 09:50:26 CEST.
Flavor | Version | Tinstall | Tcheck | Ttotal | Status | Flags |
---|---|---|---|---|---|---|
r-devel-linux-x86_64-debian-clang | 0.2.1 | 7.07 | 61.59 | 68.66 | NOTE | |
r-devel-linux-x86_64-debian-gcc | 0.2.1 | 5.02 | 46.18 | 51.20 | NOTE | |
r-devel-linux-x86_64-fedora-clang | 0.2.1 | 72.00 | 38.65 | 110.65 | OK | |
r-devel-linux-x86_64-fedora-gcc | 0.2.1 | 19.00 | 101.88 | 120.88 | OK | |
r-devel-windows-x86_64 | 0.2.1 | 10.00 | 71.00 | 81.00 | OK | |
r-patched-linux-x86_64 | 0.2.1 | 6.58 | 57.09 | 63.67 | OK | |
r-release-linux-x86_64 | 0.2.1 | 6.82 | 57.43 | 64.25 | OK | |
r-release-macos-arm64 | 0.2.1 | 4.00 | 36.00 | 40.00 | OK | |
r-release-macos-x86_64 | 0.2.1 | 6.00 | 80.00 | 86.00 | OK | |
r-release-windows-x86_64 | 0.2.1 | 12.00 | 73.00 | 85.00 | OK | |
r-oldrel-macos-arm64 | 0.2.1 | 3.00 | 36.00 | 39.00 | OK | |
r-oldrel-macos-x86_64 | 0.2.1 | 5.00 | 54.00 | 59.00 | OK | |
r-oldrel-windows-x86_64 | 0.2.1 | 12.00 | 94.00 | 106.00 | OK |
Version: 0.2.1
Check: CRAN incoming feasibility
Result: NOTE
Maintainer: ‘Dan Dediu <ddediu@gmail.com>’
Package CITATION file contains call(s) to old-style personList() or
as.personList(). Please use c() on person objects instead.
Package CITATION file contains call(s) to old-style citEntry(). Please
use bibentry() instead.
Flavors: r-devel-linux-x86_64-debian-clang, r-devel-linux-x86_64-debian-gcc