Last updated on 2025-10-22 09:50:26 CEST.
Flavor | Version | Tinstall | Tcheck | Ttotal | Status | Flags |
---|---|---|---|---|---|---|
r-devel-linux-x86_64-debian-clang | 1.0-0 | 13.68 | 112.77 | 126.45 | NOTE | |
r-devel-linux-x86_64-debian-gcc | 1.0-0 | 9.76 | 78.47 | 88.23 | NOTE | |
r-devel-linux-x86_64-fedora-clang | 1.0-0 | 31.00 | 165.67 | 196.67 | NOTE | |
r-devel-linux-x86_64-fedora-gcc | 1.0-0 | 57.00 | 141.61 | 198.61 | NOTE | |
r-devel-windows-x86_64 | 1.0-0 | 14.00 | 125.00 | 139.00 | NOTE | |
r-patched-linux-x86_64 | 1.0-0 | 14.17 | 107.70 | 121.87 | NOTE | |
r-release-linux-x86_64 | 1.0-0 | 11.79 | 106.26 | 118.05 | NOTE | |
r-release-macos-arm64 | 1.0-0 | 6.00 | 44.00 | 50.00 | NOTE | |
r-release-macos-x86_64 | 1.0-0 | 10.00 | 76.00 | 86.00 | NOTE | |
r-release-windows-x86_64 | 1.0-0 | 14.00 | 123.00 | 137.00 | NOTE | |
r-oldrel-macos-arm64 | 1.0-0 | 5.00 | 41.00 | 46.00 | NOTE | |
r-oldrel-macos-x86_64 | 1.0-0 | 8.00 | 59.00 | 67.00 | NOTE | |
r-oldrel-windows-x86_64 | 1.0-0 | 21.00 | 158.00 | 179.00 | NOTE |
Version: 1.0-0
Check: CRAN incoming feasibility
Result: NOTE
Maintainer: ‘Fabrizio Maturo <f.maturo@unich.it>’
The BugReports field in DESCRIPTION has
https://github.com/fabriziomaturo/AnnuityRIR
which should likely be
https://github.com/fabriziomaturo/AnnuityRIR/issues
instead.
Flavors: r-devel-linux-x86_64-debian-clang, r-devel-linux-x86_64-debian-gcc
Version: 1.0-0
Check: Rd files
Result: NOTE
checkRd: (-1) PV_post_triang_3.Rd:7: Escaped LaTeX specials: \_ \_
checkRd: (-1) PV_post_triang_3.Rd:22: Escaped LaTeX specials: \_ \_
checkRd: (-1) PV_pre_triang_3.Rd:7: Escaped LaTeX specials: \_ \_
checkRd: (-1) PV_pre_triang_3.Rd:22: Escaped LaTeX specials: \_ \_
Flavors: r-devel-linux-x86_64-debian-clang, r-devel-linux-x86_64-debian-gcc, r-devel-linux-x86_64-fedora-clang, r-devel-linux-x86_64-fedora-gcc, r-devel-windows-x86_64, r-patched-linux-x86_64, r-release-linux-x86_64, r-release-macos-arm64, r-release-macos-x86_64, r-release-windows-x86_64, r-oldrel-macos-arm64, r-oldrel-macos-x86_64, r-oldrel-windows-x86_64