CRAN Package Check Results for Package AppliedPredictiveModeling

Last updated on 2025-10-22 09:50:26 CEST.

Flavor Version Tinstall Tcheck Ttotal Status Flags
r-devel-linux-x86_64-debian-clang 1.1-7 3.78 44.74 48.52 NOTE
r-devel-linux-x86_64-debian-gcc 1.1-7 2.91 34.53 37.44 NOTE
r-devel-linux-x86_64-fedora-clang 1.1-7 72.27 OK
r-devel-linux-x86_64-fedora-gcc 1.1-7 12.00 57.02 69.02 OK
r-devel-windows-x86_64 1.1-7 6.00 66.00 72.00 OK
r-patched-linux-x86_64 1.1-7 4.08 42.07 46.15 OK
r-release-linux-x86_64 1.1-7 3.31 42.15 45.46 OK
r-release-macos-arm64 1.1-7 4.00 28.00 32.00 OK
r-release-macos-x86_64 1.1-7 4.00 42.00 46.00 OK
r-release-windows-x86_64 1.1-7 6.00 67.00 73.00 OK
r-oldrel-macos-arm64 1.1-7 2.00 23.00 25.00 OK
r-oldrel-macos-x86_64 1.1-7 3.00 34.00 37.00 OK
r-oldrel-windows-x86_64 1.1-7 7.00 77.00 84.00 OK

Check Details

Version: 1.1-7
Check: CRAN incoming feasibility
Result: NOTE Maintainer: ‘Max Kuhn <mxkuhn@gmail.com>’ No Authors@R field in DESCRIPTION. Please add one, modifying Authors@R: c(person(given = "Max", family = "Kuhn", role = c("aut", "cre"), email = "mxkuhn@gmail.com"), person(given = "Kjell", family = "Johnson", role = "aut")) as necessary. Flavors: r-devel-linux-x86_64-debian-clang, r-devel-linux-x86_64-debian-gcc