CRAN Package Check Results for Package AssetCorr

Last updated on 2025-10-22 09:50:26 CEST.

Flavor Version Tinstall Tcheck Ttotal Status Flags
r-devel-linux-x86_64-debian-clang 1.0.4 12.87 89.93 102.80 NOTE
r-devel-linux-x86_64-debian-gcc 1.0.4 7.33 63.07 70.40 NOTE
r-devel-linux-x86_64-fedora-clang 1.0.4 24.00 132.24 156.24 NOTE
r-devel-linux-x86_64-fedora-gcc 1.0.4 29.00 395.67 424.67 NOTE
r-devel-windows-x86_64 1.0.4 12.00 103.00 115.00 OK
r-patched-linux-x86_64 1.0.4 13.07 84.00 97.07 OK
r-release-linux-x86_64 1.0.4 10.81 83.75 94.56 OK
r-release-macos-arm64 1.0.4 6.00 141.00 147.00 OK
r-release-macos-x86_64 1.0.4 11.00 199.00 210.00 OK
r-release-windows-x86_64 1.0.4 15.00 100.00 115.00 OK
r-oldrel-macos-arm64 1.0.4 5.00 90.00 95.00 OK
r-oldrel-macos-x86_64 1.0.4 12.00 155.00 167.00 OK
r-oldrel-windows-x86_64 1.0.4 17.00 124.00 141.00 OK

Check Details

Version: 1.0.4
Check: CRAN incoming feasibility
Result: NOTE Maintainer: ‘Maximilian Nagl <maximilian.nagl@ur.de>’ No Authors@R field in DESCRIPTION. Please add one, modifying Authors@R: c(person(given = "Maximilian", family = "Nagl", role = c("aut", "cre"), email = "maximilian.nagl@ur.de"), person(given = "Yevhen", family = "Havrylenko", role = "aut"), person(given = "Marius", family = "Pfeuffer", role = "aut"), person(given = "Kevin", family = "Jakob", role = "aut"), person(given = "Matthias", family = "Fischer", role = "aut"), person(given = "Daniel", family = "Roesch", role = "aut")) as necessary. Flavors: r-devel-linux-x86_64-debian-clang, r-devel-linux-x86_64-debian-gcc

Version: 1.0.4
Check: top-level files
Result: NOTE Found the following validation problem for the NEWS.Rd HTML conversion: NEWS.html:139:1 (inst/NEWS.Rd:112): Warning: missing </ul> before </div> NEWS.html:40:1 (inst/NEWS.Rd:24): Warning: <h4> anchor "Bug-Fixes" already defined NEWS.html:75:1 (inst/NEWS.Rd:57): Warning: <h4> anchor "Bug-Fixes" already defined NEWS.html:90:1 (inst/NEWS.Rd:74): Warning: <h4> anchor "New-Features" already defined NEWS.html:114:1 (inst/NEWS.Rd:92): Warning: <h4> anchor "Bug-Fixes" already defined Flavors: r-devel-linux-x86_64-debian-clang, r-devel-linux-x86_64-debian-gcc

Version: 1.0.4
Check: dependencies in R code
Result: NOTE Namespace in Imports field not imported from: ‘knitr’ All declared Imports should be used. Flavors: r-devel-linux-x86_64-fedora-clang, r-devel-linux-x86_64-fedora-gcc