Last updated on 2025-07-03 09:50:35 CEST.
Flavor | Version | Tinstall | Tcheck | Ttotal | Status | Flags |
---|---|---|---|---|---|---|
r-devel-linux-x86_64-debian-clang | 2.2.2 | 6.61 | 36.50 | 43.11 | OK | |
r-devel-linux-x86_64-debian-gcc | 2.2.2 | 4.70 | 28.22 | 32.92 | OK | |
r-devel-linux-x86_64-fedora-clang | 2.2.2 | 65.63 | OK | |||
r-devel-linux-x86_64-fedora-gcc | 2.2.2 | 77.80 | OK | |||
r-devel-windows-x86_64 | 2.2.2 | 7.00 | 61.00 | 68.00 | OK | |
r-patched-linux-x86_64 | 2.2.2 | 6.45 | 33.07 | 39.52 | OK | |
r-release-linux-x86_64 | 2.2.2 | 5.52 | 33.12 | 38.64 | OK | |
r-release-macos-arm64 | 2.2.2 | 30.00 | OK | |||
r-release-macos-x86_64 | 2.2.2 | 87.00 | OK | |||
r-release-windows-x86_64 | 2.2.2 | 9.00 | 60.00 | 69.00 | OK | |
r-oldrel-macos-arm64 | 2.2.2 | 28.00 | OK | |||
r-oldrel-macos-x86_64 | 2.2.2 | 60.00 | NOTE | |||
r-oldrel-windows-x86_64 | 2.2.2 | 10.00 | 66.00 | 76.00 | OK |
Version: 2.2.2
Check: package dependencies
Result: NOTE
Package suggested but not available for checking: ‘AzureKeyVault’
Flavor: r-oldrel-macos-x86_64