CRAN Package Check Results for Package BBmisc

Last updated on 2025-10-22 09:50:27 CEST.

Flavor Version Tinstall Tcheck Ttotal Status Flags
r-devel-linux-x86_64-debian-clang 1.13 6.06 50.51 56.57 NOTE
r-devel-linux-x86_64-debian-gcc 1.13 4.31 36.67 40.98 NOTE
r-devel-linux-x86_64-fedora-clang 1.13 12.00 68.03 80.03 NOTE
r-devel-linux-x86_64-fedora-gcc 1.13 11.00 64.61 75.61 NOTE
r-devel-windows-x86_64 1.13 9.00 91.00 100.00 NOTE
r-patched-linux-x86_64 1.13 6.15 46.25 52.40 NOTE
r-release-linux-x86_64 1.13 5.50 46.22 51.72 NOTE
r-release-macos-arm64 1.13 6.00 33.00 39.00 NOTE
r-release-macos-x86_64 1.13 8.00 49.00 57.00 NOTE
r-release-windows-x86_64 1.13 12.00 91.00 103.00 NOTE
r-oldrel-macos-arm64 1.13 4.00 30.00 34.00 NOTE
r-oldrel-macos-x86_64 1.13 5.00 45.00 50.00 NOTE
r-oldrel-windows-x86_64 1.13 15.00 102.00 117.00 NOTE

Check Details

Version: 1.13
Check: Rd files
Result: NOTE checkRd: (-1) getOperatingSystem.Rd:26: Lost braces in \itemize; meant \describe ? checkRd: (-1) getOperatingSystem.Rd:27: Lost braces in \itemize; meant \describe ? checkRd: (-1) getOperatingSystem.Rd:28: Lost braces in \itemize; meant \describe ? checkRd: (-1) getOperatingSystem.Rd:29: Lost braces in \itemize; meant \describe ? checkRd: (-1) getOperatingSystem.Rd:30: Lost braces in \itemize; meant \describe ? Flavors: r-devel-linux-x86_64-debian-clang, r-devel-linux-x86_64-debian-gcc, r-devel-linux-x86_64-fedora-clang, r-devel-linux-x86_64-fedora-gcc, r-devel-windows-x86_64, r-patched-linux-x86_64, r-release-linux-x86_64, r-release-macos-arm64, r-release-macos-x86_64, r-release-windows-x86_64, r-oldrel-macos-arm64, r-oldrel-macos-x86_64, r-oldrel-windows-x86_64

Version: 1.13
Check: HTML version of manual
Result: NOTE Found the following HTML validation problems: deprecated.html:82:1 (deprecated.Rd:34): Warning: missing </ul> before </div> nin.html:52:1 (nin.Rd:14): Warning: missing </ul> before </div> vlapply.html:73:1 (vlapply.Rd:30): Warning: missing </ul> before </div> Flavors: r-devel-linux-x86_64-debian-clang, r-devel-linux-x86_64-debian-gcc