Last updated on 2025-10-22 09:50:27 CEST.
Flavor | Version | Tinstall | Tcheck | Ttotal | Status | Flags |
---|---|---|---|---|---|---|
r-devel-linux-x86_64-debian-clang | 1.2.7 | 29.50 | 250.83 | 280.33 | NOTE | |
r-devel-linux-x86_64-debian-gcc | 1.2.7 | 16.06 | 153.48 | 169.54 | NOTE | |
r-devel-linux-x86_64-fedora-clang | 1.2.7 | 58.00 | 378.56 | 436.56 | OK | |
r-devel-linux-x86_64-fedora-gcc | 1.2.7 | 54.00 | 374.05 | 428.05 | OK | |
r-devel-windows-x86_64 | 1.2.7 | 24.00 | 224.00 | 248.00 | OK | --no-vignettes |
r-patched-linux-x86_64 | 1.2.7 | 24.68 | 239.08 | 263.76 | OK | |
r-release-linux-x86_64 | 1.2.7 | 28.01 | 234.82 | 262.83 | OK | |
r-release-macos-arm64 | 1.2.7 | 13.00 | 131.00 | 144.00 | OK | |
r-release-macos-x86_64 | 1.2.7 | 22.00 | 227.00 | 249.00 | OK | |
r-release-windows-x86_64 | 1.2.7 | 26.00 | 231.00 | 257.00 | OK | --no-vignettes |
r-oldrel-macos-arm64 | 1.2.7 | 10.00 | 115.00 | 125.00 | OK | |
r-oldrel-macos-x86_64 | 1.2.7 | 22.00 | 204.00 | 226.00 | OK | |
r-oldrel-windows-x86_64 | 1.2.7 | 36.00 | 281.00 | 317.00 | OK | --no-vignettes |
Version: 1.2.7
Check: HTML version of manual
Result: NOTE
Found the following HTML validation problems:
dot-genus_check.html:46:1 (dot-genus_check.Rd:10): Warning: missing </ul> before </div>
dot-species_check.html:46:1 (dot-species_check.Rd:10): Warning: missing </ul> before </div>
Flavors: r-devel-linux-x86_64-debian-clang, r-devel-linux-x86_64-debian-gcc