CRAN Package Check Results for Package BIFIEsurvey

Last updated on 2025-10-22 09:50:27 CEST.

Flavor Version Tinstall Tcheck Ttotal Status Flags
r-devel-linux-x86_64-debian-clang 3.6-6 127.55 133.77 261.32 NOTE
r-devel-linux-x86_64-debian-gcc 3.6-6 86.74 90.22 176.96 NOTE
r-devel-linux-x86_64-fedora-clang 3.6-6 167.00 282.23 449.23 OK
r-devel-linux-x86_64-fedora-gcc 3.6-6 146.00 278.43 424.43 OK
r-devel-windows-x86_64 3.6-6 129.00 149.00 278.00 OK
r-patched-linux-x86_64 3.6-6 119.53 122.22 241.75 OK
r-release-linux-x86_64 3.6-6 118.03 122.37 240.40 OK
r-release-macos-arm64 3.6-6 48.00 55.00 103.00 OK
r-release-macos-x86_64 3.6-6 41.00 101.00 142.00 OK
r-release-windows-x86_64 3.6-6 131.00 150.00 281.00 OK
r-oldrel-macos-arm64 3.6-6 30.00 34.00 64.00 NOTE
r-oldrel-macos-x86_64 3.6-6 35.00 93.00 128.00 NOTE
r-oldrel-windows-x86_64 3.6-6 155.00 192.00 347.00 OK

Check Details

Version: 3.6-6
Check: CRAN incoming feasibility
Result: NOTE Maintainer: ‘Alexander Robitzsch <robitzsch@ipn.uni-kiel.de>’ No Authors@R field in DESCRIPTION. Please add one, modifying Authors@R: c(person(family = "BIFIE", role = "aut"), person(given = "Alexander", family = "Robitzsch", role = c("aut", "cre"), email = "robitzsch@ipn.uni-kiel.de"), person(given = "Konrad", family = "Oberwimmer", role = "aut")) as necessary. Flavors: r-devel-linux-x86_64-debian-clang, r-devel-linux-x86_64-debian-gcc

Version: 3.6-6
Check: HTML version of manual
Result: NOTE Found the following HTML validation problems: BIFIEsurvey-utilities.html:98:1 (BIFIEsurvey-utilities.Rd:41): Warning: missing </ul> before </div> Flavors: r-devel-linux-x86_64-debian-clang, r-devel-linux-x86_64-debian-gcc

Version: 3.6-6
Check: installed package size
Result: NOTE installed size is 9.6Mb sub-directories of 1Mb or more: data 1.4Mb libs 7.7Mb Flavors: r-oldrel-macos-arm64, r-oldrel-macos-x86_64