CRAN Package Check Results for Package BLRPM

Last updated on 2025-07-04 09:49:46 CEST.

Flavor Version Tinstall Tcheck Ttotal Status Flags
r-devel-linux-x86_64-debian-clang 1.0 2.79 22.09 24.88 NOTE
r-devel-linux-x86_64-debian-gcc 1.0 2.31 17.80 20.11 NOTE
r-devel-linux-x86_64-fedora-clang 1.0 38.65 OK
r-devel-linux-x86_64-fedora-gcc 1.0 38.93 OK
r-devel-windows-x86_64 1.0 5.00 49.00 54.00 OK
r-patched-linux-x86_64 1.0 2.68 20.44 23.12 OK
r-release-linux-x86_64 1.0 3.10 20.56 23.66 OK
r-release-macos-arm64 1.0 17.00 OK
r-release-macos-x86_64 1.0 28.00 OK
r-release-windows-x86_64 1.0 4.00 50.00 54.00 OK
r-oldrel-macos-arm64 1.0 21.00 OK
r-oldrel-macos-x86_64 1.0 24.00 OK
r-oldrel-windows-x86_64 1.0 5.00 51.00 56.00 OK

Check Details

Version: 1.0
Check: CRAN incoming feasibility
Result: NOTE Maintainer: ‘Christoph Ritschel <christoph.ritschel@met.fu-berlin.de>’ No Authors@R field in DESCRIPTION. Please add one, modifying Authors@R: person(given = "Christoph", family = "Ritschel", role = c("aut", "cre"), email = "christoph.ritschel@met.fu-berlin.de") as necessary. Flavors: r-devel-linux-x86_64-debian-clang, r-devel-linux-x86_64-debian-gcc