Last updated on 2025-10-22 09:50:28 CEST.
Flavor | Version | Tinstall | Tcheck | Ttotal | Status | Flags |
---|---|---|---|---|---|---|
r-devel-linux-x86_64-debian-clang | 2025.7.29 | 11.45 | 167.13 | 178.58 | NOTE | |
r-devel-linux-x86_64-debian-gcc | 2025.7.29 | 7.63 | 111.70 | 119.33 | NOTE | |
r-devel-linux-x86_64-fedora-clang | 2025.7.29 | 20.00 | 151.98 | 171.98 | OK | |
r-devel-linux-x86_64-fedora-gcc | 2025.7.29 | 23.00 | 171.32 | 194.32 | OK | |
r-devel-windows-x86_64 | 2025.7.29 | 14.00 | 236.00 | 250.00 | OK | |
r-patched-linux-x86_64 | 2025.7.29 | 11.31 | 158.18 | 169.49 | OK | |
r-release-linux-x86_64 | 2025.7.29 | 10.16 | 154.37 | 164.53 | OK | |
r-release-macos-arm64 | 2025.7.29 | 6.00 | 59.00 | 65.00 | OK | |
r-release-macos-x86_64 | 2025.7.29 | 9.00 | 135.00 | 144.00 | OK | |
r-release-windows-x86_64 | 2025.7.29 | 17.00 | 226.00 | 243.00 | OK | |
r-oldrel-macos-arm64 | 2025.7.29 | 5.00 | 58.00 | 63.00 | OK | |
r-oldrel-macos-x86_64 | 2025.7.29 | 9.00 | 125.00 | 134.00 | OK | |
r-oldrel-windows-x86_64 | 2025.7.29 | 19.00 | 273.00 | 292.00 | OK |
Version: 2025.7.29
Check: HTML version of manual
Result: NOTE
Found the following HTML validation problems:
MvInv.html:70:1 (MvInv.Rd:22): Warning: missing </ul> before </div>
gs3_log.html:71:1 (gs3_log.Rd:23): Warning: missing </ul> before </div>
logacceptance_ratio_logu.html:70:1 (logacceptance_ratio_logu.Rd:22): Warning: missing </ul> before </div>
rprop_logu.html:50:1 (rprop_logu.Rd:12): Warning: missing </ul> before </div>
Flavors: r-devel-linux-x86_64-debian-clang, r-devel-linux-x86_64-debian-gcc