Last updated on 2025-10-22 09:50:28 CEST.
Flavor | Version | Tinstall | Tcheck | Ttotal | Status | Flags |
---|---|---|---|---|---|---|
r-devel-linux-x86_64-debian-clang | 0.0.7 | 228.37 | 133.75 | 362.12 | NOTE | |
r-devel-linux-x86_64-debian-gcc | 0.0.7 | 186.41 | 109.39 | 295.80 | NOTE | |
r-devel-linux-x86_64-fedora-clang | 0.0.7 | 452.00 | 97.49 | 549.49 | NOTE | |
r-devel-linux-x86_64-fedora-gcc | 0.0.7 | 600.00 | 87.87 | 687.87 | NOTE | |
r-devel-windows-x86_64 | 0.0.7 | 251.00 | 159.00 | 410.00 | NOTE | |
r-patched-linux-x86_64 | 0.0.7 | 273.11 | 144.51 | 417.62 | NOTE | |
r-release-linux-x86_64 | 0.0.7 | 271.55 | 144.74 | 416.29 | NOTE | |
r-release-macos-arm64 | 0.0.7 | 101.00 | 45.00 | 146.00 | NOTE | |
r-release-macos-x86_64 | 0.0.7 | 213.00 | 118.00 | 331.00 | NOTE | |
r-release-windows-x86_64 | 0.0.7 | 249.00 | 163.00 | 412.00 | NOTE | |
r-oldrel-macos-arm64 | 0.0.7 | 47.00 | 31.00 | 78.00 | NOTE | |
r-oldrel-macos-x86_64 | 0.0.7 | 56.00 | 50.00 | 106.00 | NOTE | |
r-oldrel-windows-x86_64 | 0.0.7 | 287.00 | 202.00 | 489.00 | OK |
Version: 0.0.7
Check: DESCRIPTION meta-information
Result: NOTE
Missing dependency on R >= 4.1.0 because package code uses the pipe
|> or function shorthand \(...) syntax added in R 4.1.0.
File(s) using such syntax:
‘sim_dat_one_trial_exp_covar.R’ ‘sim_dat_one_trial_exp_nocovar.R’
Flavors: r-devel-linux-x86_64-debian-clang, r-devel-linux-x86_64-debian-gcc, r-devel-linux-x86_64-fedora-clang, r-devel-linux-x86_64-fedora-gcc, r-devel-windows-x86_64, r-patched-linux-x86_64, r-release-linux-x86_64, r-release-macos-arm64, r-release-macos-x86_64, r-release-windows-x86_64
Version: 0.0.7
Check: installed package size
Result: NOTE
installed size is 52.7Mb
sub-directories of 1Mb or more:
libs 52.3Mb
Flavors: r-oldrel-macos-arm64, r-oldrel-macos-x86_64
Version: 0.0.7
Check: for GNU extensions in Makefiles
Result: NOTE
GNU make is a SystemRequirements.
Flavors: r-oldrel-macos-arm64, r-oldrel-macos-x86_64