Last updated on 2025-10-22 09:50:28 CEST.
Flavor | Version | Tinstall | Tcheck | Ttotal | Status | Flags |
---|---|---|---|---|---|---|
r-devel-linux-x86_64-debian-clang | 0.9.4 | 5.32 | 70.38 | 75.70 | NOTE | |
r-devel-linux-x86_64-debian-gcc | 0.9.4 | 5.67 | 50.05 | 55.72 | NOTE | |
r-devel-linux-x86_64-fedora-clang | 0.9.4 | 14.00 | 110.12 | 124.12 | OK | |
r-devel-linux-x86_64-fedora-gcc | 0.9.4 | 15.00 | 100.94 | 115.94 | OK | |
r-devel-windows-x86_64 | 0.9.4 | 8.00 | 77.00 | 85.00 | OK | |
r-patched-linux-x86_64 | 0.9.4 | 7.05 | 68.38 | 75.43 | OK | |
r-release-linux-x86_64 | 0.9.4 | 6.89 | 67.82 | 74.71 | OK | |
r-release-macos-arm64 | 0.9.4 | 3.00 | 33.00 | 36.00 | OK | |
r-release-macos-x86_64 | 0.9.4 | 7.00 | 60.00 | 67.00 | OK | |
r-release-windows-x86_64 | 0.9.4 | 8.00 | 79.00 | 87.00 | OK | |
r-oldrel-macos-arm64 | 0.9.4 | 3.00 | 32.00 | 35.00 | OK | |
r-oldrel-macos-x86_64 | 0.9.4 | 5.00 | 48.00 | 53.00 | OK | |
r-oldrel-windows-x86_64 | 0.9.4 | 11.00 | 97.00 | 108.00 | OK |
Version: 0.9.4
Check: CRAN incoming feasibility
Result: NOTE
Maintainer: ‘Alireza S. Mahani <alireza.s.mahani@gmail.com>’
No Authors@R field in DESCRIPTION.
Please add one, modifying
Authors@R: c(person(given = c("Alireza", "S."),
family = "Mahani",
role = c("aut", "cre"),
email = "alireza.s.mahani@gmail.com"),
person(given = c("Mansour", "T.A."),
family = "Sharabiani",
role = "aut"))
as necessary.
Flavors: r-devel-linux-x86_64-debian-clang, r-devel-linux-x86_64-debian-gcc