Last updated on 2025-07-03 09:50:36 CEST.
Flavor | Version | Tinstall | Tcheck | Ttotal | Status | Flags |
---|---|---|---|---|---|---|
r-devel-linux-x86_64-debian-clang | 1.0.0 | 8.58 | 248.65 | 257.23 | OK | |
r-devel-linux-x86_64-debian-gcc | 1.0.0 | 5.52 | 164.39 | 169.91 | OK | |
r-devel-linux-x86_64-fedora-clang | 1.0.0 | 413.87 | OK | |||
r-devel-linux-x86_64-fedora-gcc | 1.0.0 | 457.20 | OK | |||
r-devel-windows-x86_64 | 1.0.0 | 10.00 | 236.00 | 246.00 | OK | |
r-patched-linux-x86_64 | 1.0.0 | 10.41 | 232.39 | 242.80 | OK | |
r-release-linux-x86_64 | 1.0.0 | 8.58 | 232.53 | 241.11 | OK | |
r-release-macos-arm64 | 1.0.0 | 106.00 | OK | |||
r-release-macos-x86_64 | 1.0.0 | 268.00 | OK | |||
r-release-windows-x86_64 | 1.0.0 | 10.00 | 244.00 | 254.00 | OK | |
r-oldrel-macos-arm64 | 1.0.0 | 63.00 | NOTE | |||
r-oldrel-macos-x86_64 | 1.0.0 | 234.00 | OK | |||
r-oldrel-windows-x86_64 | 1.0.0 | 14.00 | 314.00 | 328.00 | OK |
Version: 1.0.0
Check: package dependencies
Result: NOTE
Package suggested but not available for checking: ‘reactome.db’
Flavor: r-oldrel-macos-arm64