Last updated on 2025-10-22 09:50:27 CEST.
Flavor | Version | Tinstall | Tcheck | Ttotal | Status | Flags |
---|---|---|---|---|---|---|
r-devel-linux-x86_64-debian-clang | 1.10 | 8.30 | 208.65 | 216.95 | NOTE | |
r-devel-linux-x86_64-debian-gcc | 1.10 | 6.51 | 189.58 | 196.09 | NOTE | |
r-devel-linux-x86_64-fedora-clang | 1.10 | 19.00 | 282.70 | 301.70 | OK | |
r-devel-linux-x86_64-fedora-gcc | 1.10 | 20.00 | 275.07 | 295.07 | OK | |
r-devel-windows-x86_64 | 1.10 | 11.00 | 218.00 | 229.00 | OK | |
r-patched-linux-x86_64 | 1.10 | 11.23 | 198.82 | 210.05 | OK | |
r-release-linux-x86_64 | 1.10 | 8.91 | 199.50 | 208.41 | OK | |
r-release-macos-arm64 | 1.10 | 4.00 | 113.00 | 117.00 | OK | |
r-release-macos-x86_64 | 1.10 | 14.00 | 370.00 | 384.00 | OK | |
r-release-windows-x86_64 | 1.10 | 12.00 | 221.00 | 233.00 | OK | |
r-oldrel-macos-arm64 | 1.10 | 4.00 | 118.00 | 122.00 | OK | |
r-oldrel-macos-x86_64 | 1.10 | 15.00 | 341.00 | 356.00 | OK | |
r-oldrel-windows-x86_64 | 1.10 | 15.00 | 288.00 | 303.00 | OK |
Version: 1.10
Check: HTML version of manual
Result: NOTE
Found the following HTML validation problems:
makeJob.html:75:1 (makeJob.Rd:29): Warning: missing </ul> before </div>
Flavors: r-devel-linux-x86_64-debian-clang, r-devel-linux-x86_64-debian-gcc