Last updated on 2025-10-22 09:50:27 CEST.
Flavor | Version | Tinstall | Tcheck | Ttotal | Status | Flags |
---|---|---|---|---|---|---|
r-devel-linux-x86_64-debian-clang | 0.4.0 | 9.22 | 526.85 | 536.07 | NOTE | |
r-devel-linux-x86_64-debian-gcc | 0.4.0 | 6.82 | 424.29 | 431.11 | NOTE | |
r-devel-linux-x86_64-fedora-clang | 0.4.0 | 22.00 | 742.25 | 764.25 | NOTE | |
r-devel-linux-x86_64-fedora-gcc | 0.4.0 | 47.00 | 874.10 | 921.10 | NOTE | |
r-devel-windows-x86_64 | 0.4.0 | 11.00 | 739.00 | 750.00 | OK | |
r-patched-linux-x86_64 | 0.4.0 | 9.38 | 574.39 | 583.77 | OK | |
r-release-linux-x86_64 | 0.4.0 | 8.50 | 556.61 | 565.11 | OK | |
r-release-macos-arm64 | 0.4.0 | 5.00 | 262.00 | 267.00 | OK | |
r-release-macos-x86_64 | 0.4.0 | 9.00 | 627.00 | 636.00 | OK | |
r-release-windows-x86_64 | 0.4.0 | 14.00 | 830.00 | 844.00 | OK | |
r-oldrel-macos-arm64 | 0.4.0 | 4.00 | 246.00 | 250.00 | OK | |
r-oldrel-macos-x86_64 | 0.4.0 | 9.00 | 488.00 | 497.00 | OK | |
r-oldrel-windows-x86_64 | 0.4.0 | 15.00 | 641.00 | 656.00 | OK |
Version: 0.4.0
Check: HTML version of manual
Result: NOTE
Found the following HTML validation problems:
is_binary_model.html:46:1 (is_binary_model.Rd:10): Warning: missing </ul> before </div>
new_mcmcRocPrc.html:61:1 (new_mcmcRocPrc.Rd:16): Warning: missing </ul> before </div>
Flavors: r-devel-linux-x86_64-debian-clang, r-devel-linux-x86_64-debian-gcc
Version: 0.4.0
Check: dependencies in R code
Result: NOTE
Namespaces in Imports field not imported from:
‘HDInterval’ ‘carData’ ‘rjags’
All declared Imports should be used.
Flavors: r-devel-linux-x86_64-fedora-clang, r-devel-linux-x86_64-fedora-gcc