Last updated on 2025-07-03 09:50:36 CEST.
Flavor | Version | Tinstall | Tcheck | Ttotal | Status | Flags |
---|---|---|---|---|---|---|
r-devel-linux-x86_64-debian-clang | 0.4.2 | 8.37 | 126.89 | 135.26 | NOTE | |
r-devel-linux-x86_64-debian-gcc | 0.4.2 | 5.52 | 87.71 | 93.23 | NOTE | |
r-devel-linux-x86_64-fedora-clang | 0.4.2 | 208.57 | NOTE | |||
r-devel-linux-x86_64-fedora-gcc | 0.4.2 | 193.20 | NOTE | |||
r-devel-windows-x86_64 | 0.4.2 | 10.00 | 126.00 | 136.00 | NOTE | |
r-patched-linux-x86_64 | 0.4.2 | 7.72 | 120.00 | 127.72 | NOTE | |
r-release-linux-x86_64 | 0.4.2 | 6.44 | 117.96 | 124.40 | NOTE | |
r-release-macos-arm64 | 0.4.2 | 83.00 | NOTE | |||
r-release-macos-x86_64 | 0.4.2 | 232.00 | NOTE | |||
r-release-windows-x86_64 | 0.4.2 | 10.00 | 141.00 | 151.00 | NOTE | |
r-oldrel-macos-arm64 | 0.4.2 | 63.00 | OK | |||
r-oldrel-macos-x86_64 | 0.4.2 | 114.00 | OK | |||
r-oldrel-windows-x86_64 | 0.4.2 | 14.00 | 172.00 | 186.00 | OK |
Version: 0.4.2
Check: DESCRIPTION meta-information
Result: NOTE
Missing dependency on R >= 4.1.0 because package code uses the pipe
|> or function shorthand \(...) syntax added in R 4.1.0.
File(s) using such syntax:
‘plot_cutoff.R’
Flavors: r-devel-linux-x86_64-debian-clang, r-devel-linux-x86_64-debian-gcc, r-devel-linux-x86_64-fedora-clang, r-devel-linux-x86_64-fedora-gcc, r-devel-windows-x86_64, r-patched-linux-x86_64, r-release-linux-x86_64, r-release-macos-arm64, r-release-macos-x86_64, r-release-windows-x86_64