Last updated on 2025-07-04 09:49:46 CEST.
Flavor | Version | Tinstall | Tcheck | Ttotal | Status | Flags |
---|---|---|---|---|---|---|
r-devel-linux-x86_64-debian-clang | 1.0.17 | 3.11 | 59.99 | 63.10 | NOTE | |
r-devel-linux-x86_64-debian-gcc | 1.0.17 | 2.32 | 40.73 | 43.05 | NOTE | |
r-devel-linux-x86_64-fedora-clang | 1.0.17 | 95.65 | OK | |||
r-devel-linux-x86_64-fedora-gcc | 1.0.17 | 105.48 | OK | |||
r-devel-windows-x86_64 | 1.0.17 | 5.00 | 70.00 | 75.00 | OK | |
r-patched-linux-x86_64 | 1.0.17 | 2.87 | 56.84 | 59.71 | OK | |
r-release-linux-x86_64 | 1.0.17 | 2.88 | 56.68 | 59.56 | OK | |
r-release-macos-arm64 | 1.0.17 | 43.00 | OK | |||
r-release-macos-x86_64 | 1.0.17 | 69.00 | OK | |||
r-release-windows-x86_64 | 1.0.17 | 5.00 | 74.00 | 79.00 | OK | |
r-oldrel-macos-arm64 | 1.0.17 | 35.00 | OK | |||
r-oldrel-macos-x86_64 | 1.0.17 | 52.00 | OK | |||
r-oldrel-windows-x86_64 | 1.0.17 | 6.00 | 86.00 | 92.00 | OK |
Version: 1.0.17
Check: CRAN incoming feasibility
Result: NOTE
Maintainer: ‘Felipe Campelo <fcampelo@gmail.com>’
The Description field contains
<arxiv:1908.01720>.
Please refer to arXiv e-prints via their arXiv DOI <doi:10.48550/arXiv.YYMM.NNNNN>.
Flavors: r-devel-linux-x86_64-debian-clang, r-devel-linux-x86_64-debian-gcc