Last updated on 2025-10-22 09:50:28 CEST.
Flavor | Version | Tinstall | Tcheck | Ttotal | Status | Flags |
---|---|---|---|---|---|---|
r-devel-linux-x86_64-debian-clang | 0.1.1 | 141.68 | 144.52 | 286.20 | OK | |
r-devel-linux-x86_64-debian-gcc | 0.1.1 | 118.18 | 110.94 | 229.12 | OK | |
r-devel-linux-x86_64-fedora-clang | 0.1.1 | 280.00 | 164.67 | 444.67 | NOTE | |
r-devel-linux-x86_64-fedora-gcc | 0.1.1 | 395.00 | 119.36 | 514.36 | NOTE | |
r-devel-windows-x86_64 | 0.1.1 | 157.00 | 157.00 | 314.00 | OK | |
r-patched-linux-x86_64 | 0.1.1 | 165.71 | 146.79 | 312.50 | OK | |
r-release-linux-x86_64 | 0.1.1 | 169.85 | 148.30 | 318.15 | OK | |
r-release-macos-arm64 | 0.1.1 | 58.00 | 49.00 | 107.00 | OK | |
r-release-macos-x86_64 | 0.1.1 | 135.00 | 104.00 | 239.00 | OK | |
r-release-windows-x86_64 | 0.1.1 | 157.00 | 157.00 | 314.00 | OK | |
r-oldrel-macos-arm64 | 0.1.1 | 30.00 | 34.00 | 64.00 | NOTE | |
r-oldrel-macos-x86_64 | 0.1.1 | 59.00 | 55.00 | 114.00 | NOTE | |
r-oldrel-windows-x86_64 | 0.1.1 | 181.00 | 198.00 | 379.00 | NOTE |
Version: 0.1.1
Check: dependencies in R code
Result: NOTE
Namespace in Imports field not imported from: ‘rstantools’
All declared Imports should be used.
Flavors: r-devel-linux-x86_64-fedora-clang, r-devel-linux-x86_64-fedora-gcc
Version: 0.1.1
Check: installed package size
Result: NOTE
installed size is 49.1Mb
sub-directories of 1Mb or more:
libs 48.8Mb
Flavors: r-oldrel-macos-arm64, r-oldrel-macos-x86_64
Version: 0.1.1
Check: for GNU extensions in Makefiles
Result: NOTE
GNU make is a SystemRequirements.
Flavors: r-oldrel-macos-arm64, r-oldrel-macos-x86_64, r-oldrel-windows-x86_64