Last updated on 2025-10-22 09:50:28 CEST.
Flavor | Version | Tinstall | Tcheck | Ttotal | Status | Flags |
---|---|---|---|---|---|---|
r-devel-linux-x86_64-debian-clang | 8.3-14 | 108.05 | 144.17 | 252.22 | NOTE | |
r-devel-linux-x86_64-debian-gcc | 8.3-14 | 66.24 | 89.70 | 155.94 | NOTE | |
r-devel-linux-x86_64-fedora-clang | 8.3-14 | 206.00 | 234.73 | 440.73 | OK | |
r-devel-linux-x86_64-fedora-gcc | 8.3-14 | 254.00 | 143.35 | 397.35 | OK | |
r-devel-windows-x86_64 | 8.3-14 | 119.00 | 176.00 | 295.00 | OK | |
r-patched-linux-x86_64 | 8.3-14 | 105.03 | 133.17 | 238.20 | OK | |
r-release-linux-x86_64 | 8.3-14 | 101.94 | 134.87 | 236.81 | OK | |
r-release-macos-arm64 | 8.3-14 | 38.00 | 54.00 | 92.00 | OK | |
r-release-macos-x86_64 | 8.3-14 | 63.00 | 221.00 | 284.00 | OK | |
r-release-windows-x86_64 | 8.3-14 | 120.00 | 173.00 | 293.00 | OK | |
r-oldrel-macos-arm64 | 8.3-14 | 37.00 | 54.00 | 91.00 | NOTE | |
r-oldrel-macos-x86_64 | 8.3-14 | 51.00 | 208.00 | 259.00 | NOTE | |
r-oldrel-windows-x86_64 | 8.3-14 | 148.00 | 214.00 | 362.00 | OK |
Version: 8.3-14
Check: HTML version of manual
Result: NOTE
Found the following HTML validation problems:
CDM-utilities.html:340:1 (CDM-utilities.Rd:187): Warning: missing </ul> before </div>
Flavors: r-devel-linux-x86_64-debian-clang, r-devel-linux-x86_64-debian-gcc
Version: 8.3-14
Check: installed package size
Result: NOTE
installed size is 6.9Mb
sub-directories of 1Mb or more:
data 1.3Mb
libs 4.1Mb
Flavors: r-oldrel-macos-arm64, r-oldrel-macos-x86_64