CRAN Package Check Results for Package CTD

Last updated on 2025-10-22 09:50:30 CEST.

Flavor Version Tinstall Tcheck Ttotal Status Flags
r-devel-linux-x86_64-debian-clang 1.3 4.92 67.20 72.12 OK
r-devel-linux-x86_64-debian-gcc 1.3 3.92 44.71 48.63 OK
r-devel-linux-x86_64-fedora-clang 1.3 106.67 OK
r-devel-linux-x86_64-fedora-gcc 1.3 11.00 93.76 104.76 OK
r-devel-windows-x86_64 1.3 7.00 80.00 87.00 OK
r-patched-linux-x86_64 1.3 5.60 61.14 66.74 OK
r-release-linux-x86_64 1.3 5.16 61.57 66.73 OK
r-release-macos-arm64 1.3 3.00 35.00 38.00 OK
r-release-macos-x86_64 1.3 5.00 56.00 61.00 OK
r-release-windows-x86_64 1.3 7.00 78.00 85.00 OK
r-oldrel-macos-arm64 1.3 3.00 34.00 37.00 OK
r-oldrel-macos-x86_64 1.3 10.00 82.00 92.00 NOTE
r-oldrel-windows-x86_64 1.3 9.00 95.00 104.00 OK

Check Details

Version: 1.3
Check: installed package size
Result: NOTE installed size is 5.3Mb sub-directories of 1Mb or more: data 4.7Mb Flavor: r-oldrel-macos-x86_64