CRAN Package Check Results for Package CVD

Last updated on 2025-10-22 09:50:30 CEST.

Flavor Version Tinstall Tcheck Ttotal Status Flags
r-devel-linux-x86_64-debian-clang 1.0.2 4.63 34.02 38.65 NOTE
r-devel-linux-x86_64-debian-gcc 1.0.2 3.02 25.39 28.41 NOTE
r-devel-linux-x86_64-fedora-clang 1.0.2 10.00 45.14 55.14 OK
r-devel-linux-x86_64-fedora-gcc 1.0.2 52.41 OK
r-devel-windows-x86_64 1.0.2 5.00 58.00 63.00 OK
r-patched-linux-x86_64 1.0.2 4.90 31.43 36.33 OK
r-release-linux-x86_64 1.0.2 3.81 31.58 35.39 OK
r-release-macos-arm64 1.0.2 2.00 17.00 19.00 OK
r-release-macos-x86_64 1.0.2 4.00 32.00 36.00 OK
r-release-windows-x86_64 1.0.2 6.00 61.00 67.00 OK
r-oldrel-macos-arm64 1.0.2 2.00 16.00 18.00 NOTE
r-oldrel-macos-x86_64 1.0.2 3.00 27.00 30.00 NOTE
r-oldrel-windows-x86_64 1.0.2 6.00 56.00 62.00 NOTE

Check Details

Version: 1.0.2
Check: CRAN incoming feasibility
Result: NOTE Maintainer: ‘Jose Gama <rxprtgama@gmail.com>’ Found the following URLs which should use \doi (with the DOI name only): File ‘scoreRoth28Graphic.Rd’: http://dx.doi.org/10.1016/S0042-6989(97)00433-1 Flavors: r-devel-linux-x86_64-debian-clang, r-devel-linux-x86_64-debian-gcc

Version: 1.0.2
Check: package dependencies
Result: NOTE Package which this enhances but not available for checking: ‘RGtk2’ Flavors: r-oldrel-macos-arm64, r-oldrel-macos-x86_64, r-oldrel-windows-x86_64