CRAN Package Check Results for Package CVST

Last updated on 2025-10-22 09:50:30 CEST.

Flavor Version Tinstall Tcheck Ttotal Status Flags
r-devel-linux-x86_64-debian-clang 0.2-3 7.89 78.97 86.86 NOTE
r-devel-linux-x86_64-debian-gcc 0.2-3 6.16 56.81 62.97 NOTE
r-devel-linux-x86_64-fedora-clang 0.2-3 16.00 118.22 134.22 OK
r-devel-linux-x86_64-fedora-gcc 0.2-3 17.00 111.13 128.13 OK
r-devel-windows-x86_64 0.2-3 9.00 82.00 91.00 OK
r-patched-linux-x86_64 0.2-3 8.29 75.02 83.31 OK
r-release-linux-x86_64 0.2-3 7.41 76.34 83.75 OK
r-release-macos-arm64 0.2-3 4.00 34.00 38.00 OK
r-release-macos-x86_64 0.2-3 8.00 66.00 74.00 OK
r-release-windows-x86_64 0.2-3 9.00 84.00 93.00 OK
r-oldrel-macos-arm64 0.2-3 4.00 31.00 35.00 OK
r-oldrel-macos-x86_64 0.2-3 5.00 51.00 56.00 OK
r-oldrel-windows-x86_64 0.2-3 12.00 104.00 116.00 OK

Check Details

Version: 0.2-3
Check: CRAN incoming feasibility
Result: NOTE Maintainer: ‘Tammo Krueger <tammokrueger@googlemail.com>’ No Authors@R field in DESCRIPTION. Please add one, modifying Authors@R: c(person(given = "Tammo", family = "Krueger", role = c("aut", "cre"), email = "tammokrueger@googlemail.com"), person(given = "Mikio", family = "Braun", role = "aut")) as necessary. Flavors: r-devel-linux-x86_64-debian-clang, r-devel-linux-x86_64-debian-gcc