Last updated on 2025-10-22 09:50:28 CEST.
Flavor | Version | Tinstall | Tcheck | Ttotal | Status | Flags |
---|---|---|---|---|---|---|
r-devel-linux-x86_64-debian-clang | 2.2 | 6.01 | 84.05 | 90.06 | NOTE | |
r-devel-linux-x86_64-debian-gcc | 2.2 | 4.39 | 58.34 | 62.73 | NOTE | |
r-devel-linux-x86_64-fedora-clang | 2.2 | 14.00 | 120.42 | 134.42 | OK | |
r-devel-linux-x86_64-fedora-gcc | 2.2 | 14.00 | 116.59 | 130.59 | OK | |
r-devel-windows-x86_64 | 2.2 | 8.00 | 94.00 | 102.00 | OK | |
r-patched-linux-x86_64 | 2.2 | 5.93 | 78.02 | 83.95 | OK | |
r-release-linux-x86_64 | 2.2 | 5.97 | 77.86 | 83.83 | OK | |
r-release-macos-arm64 | 2.2 | 3.00 | 32.00 | 35.00 | OK | |
r-release-macos-x86_64 | 2.2 | 6.00 | 57.00 | 63.00 | OK | |
r-release-windows-x86_64 | 2.2 | 9.00 | 94.00 | 103.00 | OK | |
r-oldrel-macos-arm64 | 2.2 | 3.00 | 29.00 | 32.00 | OK | |
r-oldrel-macos-x86_64 | 2.2 | 4.00 | 45.00 | 49.00 | OK | |
r-oldrel-windows-x86_64 | 2.2 | 11.00 | 118.00 | 129.00 | OK |
Version: 2.2
Check: HTML version of manual
Result: NOTE
Found the following HTML validation problems:
confint.html:59:1 (confint.Rd:16): Warning: missing </ul> before </div>
print.html:54:1 (print.Rd:15): Warning: missing </ul> before </div>
Flavors: r-devel-linux-x86_64-debian-clang, r-devel-linux-x86_64-debian-gcc