Last updated on 2025-10-23 09:50:40 CEST.
| Flavor | Version | Tinstall | Tcheck | Ttotal | Status | Flags |
|---|---|---|---|---|---|---|
| r-devel-linux-x86_64-debian-clang | 2.0.3 | 16.97 | 43.59 | 60.56 | NOTE | |
| r-devel-linux-x86_64-debian-gcc | 2.0.3 | 11.36 | 31.25 | 42.61 | NOTE | |
| r-devel-linux-x86_64-fedora-clang | 2.0.3 | 30.00 | 64.55 | 94.55 | NOTE | |
| r-devel-linux-x86_64-fedora-gcc | 2.0.3 | 41.00 | 54.63 | 95.63 | NOTE | |
| r-devel-windows-x86_64 | 2.0.3 | 20.00 | 71.00 | 91.00 | NOTE | |
| r-patched-linux-x86_64 | 2.0.3 | 15.64 | 40.10 | 55.74 | NOTE | |
| r-release-linux-x86_64 | 2.0.3 | 14.84 | 40.58 | 55.42 | NOTE | |
| r-release-macos-arm64 | 2.0.3 | 9.00 | 24.00 | 33.00 | NOTE | |
| r-release-macos-x86_64 | 2.0.3 | 17.00 | 57.00 | 74.00 | NOTE | |
| r-release-windows-x86_64 | 2.0.3 | 18.00 | 77.00 | 95.00 | NOTE | |
| r-oldrel-macos-arm64 | 2.0.3 | 7.00 | 21.00 | 28.00 | NOTE | |
| r-oldrel-macos-x86_64 | 2.0.3 | 10.00 | 31.00 | 41.00 | NOTE | |
| r-oldrel-windows-x86_64 | 2.0.3 | 22.00 | 89.00 | 111.00 | NOTE |
Version: 2.0.3
Check: C++ specification
Result: NOTE
Specified C++14: please drop specification unless essential
Flavors: r-devel-linux-x86_64-debian-clang, r-devel-linux-x86_64-debian-gcc, r-devel-linux-x86_64-fedora-clang, r-devel-linux-x86_64-fedora-gcc, r-devel-windows-x86_64, r-patched-linux-x86_64, r-release-linux-x86_64, r-release-macos-arm64, r-release-macos-x86_64, r-release-windows-x86_64, r-oldrel-macos-arm64, r-oldrel-macos-x86_64, r-oldrel-windows-x86_64