CRAN Package Check Results for Package CoOL

Last updated on 2025-10-22 09:50:29 CEST.

Flavor Version Tinstall Tcheck Ttotal Status Flags
r-devel-linux-x86_64-debian-clang 1.1.2 24.52 62.88 87.40 WARN
r-devel-linux-x86_64-debian-gcc 1.1.2 16.78 44.88 61.66 WARN
r-devel-linux-x86_64-fedora-clang 1.1.2 313.00 -149.54 163.46 NOTE
r-devel-linux-x86_64-fedora-gcc 1.1.2 105.00 40.67 145.67 NOTE
r-devel-windows-x86_64 1.1.2 31.00 97.00 128.00 NOTE
r-patched-linux-x86_64 1.1.2 27.09 58.18 85.27 NOTE
r-release-linux-x86_64 1.1.2 24.15 57.43 81.58 NOTE
r-release-macos-arm64 1.1.2 11.00 27.00 38.00 NOTE
r-release-macos-x86_64 1.1.2 22.00 58.00 80.00 NOTE
r-release-windows-x86_64 1.1.2 32.00 99.00 131.00 NOTE
r-oldrel-macos-arm64 1.1.2 11.00 25.00 36.00 NOTE
r-oldrel-macos-x86_64 1.1.2 15.00 38.00 53.00 NOTE
r-oldrel-windows-x86_64 1.1.2 39.00 123.00 162.00 NOTE

Check Details

Version: 1.1.2
Check: whether package can be installed
Result: WARN Found the following significant warnings: /home/hornik/tmp/R.check/r-devel-clang/Work/build/Packages/RcppArmadillo/include/RcppArmadillo/version/arma.h:66:17: warning: Using fallback compilation with Armadillo 14.6.3. Please consider defining -DARMA_USE_CURRENT and also removing C++11 compilation directive. See GitHub issue #475 for more. [-W#pragma-messages] See ‘/home/hornik/tmp/R.check/r-devel-clang/Work/PKGS/CoOL.Rcheck/00install.out’ for details. * used C++ compiler: ‘Debian clang version 19.1.7 (7)’ Flavor: r-devel-linux-x86_64-debian-clang

Version: 1.1.2
Check: C++ specification
Result: NOTE Specified C++11: please drop specification unless essential Flavors: r-devel-linux-x86_64-debian-clang, r-devel-linux-x86_64-debian-gcc, r-devel-linux-x86_64-fedora-clang, r-devel-linux-x86_64-fedora-gcc, r-devel-windows-x86_64, r-patched-linux-x86_64, r-release-linux-x86_64, r-release-macos-arm64, r-release-macos-x86_64, r-release-windows-x86_64, r-oldrel-macos-arm64, r-oldrel-macos-x86_64, r-oldrel-windows-x86_64

Version: 1.1.2
Check: HTML version of manual
Result: NOTE Found the following HTML validation problems: random.html:50:1 (random.Rd:12): Warning: missing </ul> before </div> rcpprelu.html:46:1 (rcpprelu.Rd:10): Warning: missing </ul> before </div> rcpprelu_neg.html:46:1 (rcpprelu_neg.Rd:10): Warning: missing </ul> before </div> relu.html:46:1 (relu.Rd:10): Warning: missing </ul> before </div> Flavors: r-devel-linux-x86_64-debian-clang, r-devel-linux-x86_64-debian-gcc

Version: 1.1.2
Check: whether package can be installed
Result: WARN Found the following significant warnings: /home/hornik/tmp/R.check/r-devel-gcc/Work/build/Packages/RcppArmadillo/include/RcppArmadillo/version/arma.h:66:199: note: ‘#pragma message: Using fallback compilation with Armadillo 14.6.3. Please consider defining -DARMA_USE_CURRENT and also removing C++11 compilation directive. See GitHub issue #475 for more.’ See ‘/home/hornik/tmp/R.check/r-devel-gcc/Work/PKGS/CoOL.Rcheck/00install.out’ for details. * used C++ compiler: ‘g++-15 (Debian 15.2.0-4) 15.2.0’ Flavor: r-devel-linux-x86_64-debian-gcc