Last updated on 2025-10-22 09:50:29 CEST.
Flavor | Version | Tinstall | Tcheck | Ttotal | Status | Flags |
---|---|---|---|---|---|---|
r-devel-linux-x86_64-debian-clang | 1.0.2 | 59.76 | 289.25 | 349.01 | NOTE | |
r-devel-linux-x86_64-debian-gcc | 1.0.2 | 41.70 | 197.14 | 238.84 | NOTE | |
r-devel-linux-x86_64-fedora-clang | 1.0.2 | 156.00 | 378.49 | 534.49 | OK | |
r-devel-linux-x86_64-fedora-gcc | 1.0.2 | 202.00 | 315.92 | 517.92 | OK | |
r-devel-windows-x86_64 | 1.0.2 | 57.00 | 252.00 | 309.00 | OK | |
r-patched-linux-x86_64 | 1.0.2 | 64.05 | 276.13 | 340.18 | OK | |
r-release-linux-x86_64 | 1.0.2 | 60.24 | 274.26 | 334.50 | OK | |
r-release-macos-arm64 | 1.0.2 | 24.00 | 99.00 | 123.00 | OK | |
r-release-macos-x86_64 | 1.0.2 | 8.00 | ERROR | |||
r-release-windows-x86_64 | 1.0.2 | 59.00 | 249.00 | 308.00 | OK | |
r-oldrel-macos-arm64 | 1.0.2 | 25.00 | 100.00 | 125.00 | NOTE | |
r-oldrel-macos-x86_64 | 1.0.2 | 17.00 | ERROR | |||
r-oldrel-windows-x86_64 | 1.0.2 | 80.00 | 328.00 | 408.00 | NOTE |
Version: 1.0.2
Check: HTML version of manual
Result: NOTE
Found the following HTML validation problems:
ctmaPRaw.html:83:1 (ctmaPRaw.Rd:33): Warning: missing </ul> before </div>
ctmaRedHet.html:78:1 (ctmaRedHet.Rd:30): Warning: missing </ul> before </div>
ctmaScaleInits.html:64:1 (ctmaScaleInits.Rd:21): Warning: missing </ul> before </div>
Flavors: r-devel-linux-x86_64-debian-clang, r-devel-linux-x86_64-debian-gcc
Version: 1.0.2
Check: package dependencies
Result: ERROR
Package required but not available: ‘ctsem’
See section ‘The DESCRIPTION file’ in the ‘Writing R Extensions’
manual.
Flavors: r-release-macos-x86_64, r-oldrel-macos-x86_64
Version: 1.0.2
Check: installed package size
Result: NOTE
installed size is 8.0Mb
sub-directories of 1Mb or more:
data 5.4Mb
guide 1.6Mb
Flavors: r-oldrel-macos-arm64, r-oldrel-windows-x86_64