CRAN Package Check Results for Package CohortExplorer

Last updated on 2025-10-22 09:50:29 CEST.

Flavor Version Tinstall Tcheck Ttotal Status Flags
r-devel-linux-x86_64-debian-clang 0.1.0 8.29 74.10 82.39 NOTE
r-devel-linux-x86_64-debian-gcc 0.1.0 5.75 53.74 59.49 NOTE
r-devel-linux-x86_64-fedora-clang 0.1.0 16.00 111.76 127.76 NOTE
r-devel-linux-x86_64-fedora-gcc 0.1.0 22.00 114.29 136.29 NOTE
r-devel-windows-x86_64 0.1.0 9.00 81.00 90.00 NOTE
r-patched-linux-x86_64 0.1.0 7.43 69.86 77.29 NOTE
r-release-linux-x86_64 0.1.0 7.19 69.74 76.93 NOTE
r-release-macos-arm64 0.1.0 4.00 46.00 50.00 NOTE
r-release-macos-x86_64 0.1.0 7.00 84.00 91.00 NOTE
r-release-windows-x86_64 0.1.0 8.00 83.00 91.00 NOTE
r-oldrel-macos-arm64 0.1.0 4.00 43.00 47.00 OK
r-oldrel-macos-x86_64 0.1.0 6.00 72.00 78.00 OK
r-oldrel-windows-x86_64 0.1.0 12.00 107.00 119.00 OK

Check Details

Version: 0.1.0
Check: DESCRIPTION meta-information
Result: NOTE Missing dependency on R >= 4.1.0 because package code uses the pipe |> or function shorthand \(...) syntax added in R 4.1.0. File(s) using such syntax: ‘CreateCohortExplorerApp.R’ Flavors: r-devel-linux-x86_64-debian-clang, r-devel-linux-x86_64-debian-gcc, r-devel-linux-x86_64-fedora-clang, r-devel-linux-x86_64-fedora-gcc, r-devel-windows-x86_64, r-patched-linux-x86_64, r-release-linux-x86_64, r-release-macos-arm64, r-release-macos-x86_64, r-release-windows-x86_64