Last updated on 2025-10-22 09:50:29 CEST.
Flavor | Version | Tinstall | Tcheck | Ttotal | Status | Flags |
---|---|---|---|---|---|---|
r-devel-linux-x86_64-debian-clang | 3.5.8 | 105.93 | 165.62 | 271.55 | NOTE | |
r-devel-linux-x86_64-debian-gcc | 3.5.8 | 63.32 | 119.34 | 182.66 | NOTE | |
r-devel-linux-x86_64-fedora-clang | 3.5.8 | 171.00 | 277.49 | 448.49 | OK | |
r-devel-linux-x86_64-fedora-gcc | 3.5.8 | 166.00 | 266.06 | 432.06 | OK | |
r-devel-windows-x86_64 | 3.5.8 | 121.00 | 218.00 | 339.00 | OK | |
r-patched-linux-x86_64 | 3.5.8 | 110.59 | 155.95 | 266.54 | OK | |
r-release-linux-x86_64 | 3.5.8 | 101.72 | 155.35 | 257.07 | OK | |
r-release-macos-arm64 | 3.5.8 | 40.00 | 80.00 | 120.00 | OK | |
r-release-macos-x86_64 | 3.5.8 | 39.00 | 148.00 | 187.00 | OK | |
r-release-windows-x86_64 | 3.5.8 | 123.00 | 231.00 | 354.00 | OK | |
r-oldrel-macos-arm64 | 3.5.8 | 39.00 | 73.00 | 112.00 | NOTE | |
r-oldrel-macos-x86_64 | 3.5.8 | 34.00 | 107.00 | 141.00 | NOTE | |
r-oldrel-windows-x86_64 | 3.5.8 | 144.00 | 274.00 | 418.00 | OK |
Version: 3.5.8
Check: HTML version of manual
Result: NOTE
Found the following HTML validation problems:
dWeibullgammaCount_mat.html:54:1 (dWeibullgammaCount_mat.Rd:18): Warning: missing </ul> before </div>
dWeibullgammaCount_mat_Covariates.html:75:1 (dWeibullgammaCount_mat_Covariates.Rd:30): Warning: missing </ul> before </div>
residuals_plot.html:54:1 (residuals_plot.Rd:14): Warning: missing </ul> before </div>
Flavors: r-devel-linux-x86_64-debian-clang, r-devel-linux-x86_64-debian-gcc
Version: 3.5.8
Check: installed package size
Result: NOTE
installed size is 8.3Mb
sub-directories of 1Mb or more:
doc 1.9Mb
libs 5.3Mb
Flavors: r-oldrel-macos-arm64, r-oldrel-macos-x86_64