Last updated on 2025-10-22 09:50:30 CEST.
Flavor | Version | Tinstall | Tcheck | Ttotal | Status | Flags |
---|---|---|---|---|---|---|
r-devel-linux-x86_64-debian-clang | 1.1.5 | 40.91 | 746.13 | 787.04 | NOTE | |
r-devel-linux-x86_64-debian-gcc | 1.1.5 | 26.78 | 484.72 | 511.50 | NOTE | |
r-devel-linux-x86_64-fedora-clang | 1.1.5 | 103.00 | 1074.20 | 1177.20 | OK | |
r-devel-linux-x86_64-fedora-gcc | 1.1.5 | 101.00 | 1163.91 | 1264.91 | OK | |
r-devel-windows-x86_64 | 1.1.5 | 41.00 | 597.00 | 638.00 | OK | |
r-patched-linux-x86_64 | 1.1.5 | 39.77 | 712.51 | 752.28 | OK | |
r-release-linux-x86_64 | 1.1.5 | 39.57 | 709.70 | 749.27 | OK | |
r-release-macos-arm64 | 1.1.5 | 20.00 | 162.00 | 182.00 | OK | |
r-release-macos-x86_64 | 1.1.5 | 49.00 | 383.00 | 432.00 | OK | |
r-release-windows-x86_64 | 1.1.5 | 46.00 | 601.00 | 647.00 | OK | |
r-oldrel-macos-arm64 | 1.1.5 | 14.00 | 154.00 | 168.00 | NOTE | |
r-oldrel-macos-x86_64 | 1.1.5 | 41.00 | 432.00 | 473.00 | NOTE | |
r-oldrel-windows-x86_64 | 1.1.5 | 47.00 | 821.00 | 868.00 | NOTE |
Version: 1.1.5
Check: HTML version of manual
Result: NOTE
Found the following HTML validation problems:
dnorkernel.html:50:1 (dnorkernel.Rd:12): Warning: missing </ul> before </div>
integ.html:58:1 (integ.Rd:16): Warning: missing </ul> before </div>
loadingplot.fromVector.Coxmos.html:73:1 (loadingplot.fromVector.Coxmos.Rd:27): Warning: missing </ul> before </div>
muro.html:46:1 (muro.Rd:10): Warning: missing </ul> before </div>
norm01.html:47:1 (norm01.Rd:11): Warning: missing </ul> before </div>
wIQR.html:50:1 (wIQR.Rd:12): Warning: missing </ul> before </div>
wquantile.html:54:1 (wquantile.Rd:14): Warning: missing </ul> before </div>
wvar.html:54:1 (wvar.Rd:14): Warning: missing </ul> before </div>
Flavors: r-devel-linux-x86_64-debian-clang, r-devel-linux-x86_64-debian-gcc
Version: 1.1.5
Check: installed package size
Result: NOTE
installed size is 5.6Mb
sub-directories of 1Mb or more:
data 1.2Mb
doc 2.8Mb
Flavors: r-oldrel-macos-arm64, r-oldrel-macos-x86_64, r-oldrel-windows-x86_64